Last updated on 2024-08-31 23:49:16 CEST.
Flavor | Version | Tinstall | Tcheck | Ttotal | Status | Flags |
---|---|---|---|---|---|---|
r-devel-linux-x86_64-debian-clang | 1.2 | 39.66 | 66.81 | 106.47 | OK | |
r-devel-linux-x86_64-debian-gcc | 1.2 | 30.17 | 49.04 | 79.21 | OK | |
r-devel-linux-x86_64-fedora-clang | 1.2 | 177.13 | OK | |||
r-devel-linux-x86_64-fedora-gcc | 1.2 | 198.47 | OK | |||
r-devel-windows-x86_64 | 1.2 | 41.00 | 96.00 | 137.00 | OK | |
r-patched-linux-x86_64 | 1.2 | 44.47 | 62.19 | 106.66 | OK | |
r-release-linux-x86_64 | 1.2 | 41.78 | 62.44 | 104.22 | OK | |
r-release-macos-arm64 | 1.2 | 67.00 | NOTE | |||
r-release-macos-x86_64 | 1.2 | 87.00 | NOTE | |||
r-release-windows-x86_64 | 1.2 | 42.00 | 101.00 | 143.00 | OK | |
r-oldrel-macos-arm64 | 1.2 | 103.00 | NOTE | |||
r-oldrel-macos-x86_64 | 1.2 | 156.00 | NOTE | |||
r-oldrel-windows-x86_64 | 1.2 | 52.00 | 120.00 | 172.00 | OK |
Version: 1.2
Check: installed package size
Result: NOTE
installed size is 5.6Mb
sub-directories of 1Mb or more:
libs 5.3Mb
Flavors: r-release-macos-arm64, r-release-macos-x86_64, r-oldrel-macos-arm64, r-oldrel-macos-x86_64