Last updated on 2024-08-16 11:49:52 CEST.
Flavor | Version | Tinstall | Tcheck | Ttotal | Status | Flags |
---|---|---|---|---|---|---|
r-devel-linux-x86_64-debian-clang | 2.0.7 | 36.57 | 425.45 | 462.02 | NOTE | |
r-devel-linux-x86_64-debian-gcc | 2.0.7 | 24.02 | 302.96 | 326.98 | NOTE | |
r-devel-linux-x86_64-fedora-clang | 2.0.7 | 751.28 | NOTE | |||
r-devel-linux-x86_64-fedora-gcc | 2.0.7 | 686.70 | NOTE | |||
r-devel-windows-x86_64 | 2.0.7 | 40.00 | 392.00 | 432.00 | NOTE | |
r-patched-linux-x86_64 | 2.0.7 | 37.52 | 398.73 | 436.25 | NOTE | |
r-release-linux-x86_64 | 2.0.7 | 36.16 | 403.42 | 439.58 | NOTE | |
r-release-macos-arm64 | 2.0.7 | 175.00 | NOTE | |||
r-release-macos-x86_64 | 2.0.7 | 283.00 | NOTE | |||
r-release-windows-x86_64 | 2.0.7 | 37.00 | 359.00 | 396.00 | NOTE | |
r-oldrel-macos-arm64 | 2.0.7 | 175.00 | NOTE | |||
r-oldrel-macos-x86_64 | 2.0.7 | 487.00 | NOTE | |||
r-oldrel-windows-x86_64 | 2.0.7 | 52.00 | 508.00 | 560.00 | NOTE |
Version: 2.0.7
Check: package dependencies
Result: NOTE
Package suggested but not available for checking: ‘NLMR’
Flavors: r-devel-linux-x86_64-debian-clang, r-devel-linux-x86_64-debian-gcc, r-devel-linux-x86_64-fedora-clang, r-devel-linux-x86_64-fedora-gcc, r-devel-windows-x86_64, r-patched-linux-x86_64, r-release-linux-x86_64, r-release-macos-arm64, r-release-macos-x86_64, r-release-windows-x86_64, r-oldrel-macos-arm64, r-oldrel-macos-x86_64, r-oldrel-windows-x86_64