CRAN Package Check Results for Package SpatialEpi

Last updated on 2019-03-23 17:48:23 CET.

Flavor Version Tinstall Tcheck Ttotal Status Flags
r-devel-linux-x86_64-debian-clang 1.2.3 44.38 87.99 132.37 OK
r-devel-linux-x86_64-debian-gcc 1.2.3 35.75 75.25 111.00 OK
r-devel-linux-x86_64-fedora-clang 1.2.3 173.52 OK
r-devel-linux-x86_64-fedora-gcc 1.2.3 164.42 OK
r-devel-windows-ix86+x86_64 1.2.3 113.00 225.00 338.00 OK
r-patched-linux-x86_64 1.2.3 38.16 85.67 123.83 OK
r-patched-solaris-x86 1.2.3 212.80 OK
r-release-linux-x86_64 1.2.3 0.30 2.20 2.50 ERROR
r-release-windows-ix86+x86_64 1.2.3 78.00 166.00 244.00 OK
r-release-osx-x86_64 1.2.3 OK
r-oldrel-windows-ix86+x86_64 1.2.3 94.00 224.00 318.00 OK
r-oldrel-osx-x86_64 1.2.3 OK

Check Details

Version: 1.2.3
Check: whether package can be installed
Result: ERROR
    Installation failed.
Flavor: r-release-linux-x86_64