Last updated on 2024-04-24 17:52:18 CEST.
Flavor | Version | Tinstall | Tcheck | Ttotal | Status | Flags |
---|---|---|---|---|---|---|
r-devel-linux-x86_64-debian-clang | 0.8.2 | 42.32 | 359.68 | 402.00 | NOTE | |
r-devel-linux-x86_64-debian-gcc | 0.8.2 | 32.51 | 254.21 | 286.72 | NOTE | |
r-devel-linux-x86_64-fedora-clang | 0.8.2 | 505.14 | NOTE | |||
r-devel-linux-x86_64-fedora-gcc | 0.8.2 | 480.99 | NOTE | |||
r-devel-windows-x86_64 | 0.8.2 | 35.00 | 222.00 | 257.00 | OK | |
r-patched-linux-x86_64 | 0.8.2 | 37.08 | 344.02 | 381.10 | OK | |
r-release-linux-x86_64 | 0.8.2 | 34.01 | 333.42 | 367.43 | OK | |
r-release-macos-arm64 | 0.8.2 | 117.00 | OK | |||
r-release-windows-x86_64 | 0.8.2 | 33.00 | 222.00 | 255.00 | OK | |
r-oldrel-macos-arm64 | 0.8.2 | 85.00 | OK | |||
r-oldrel-macos-x86_64 | 0.8.2 | 220.00 | OK | |||
r-oldrel-windows-x86_64 | 0.8.2 | 47.00 | 312.00 | 359.00 | OK |
Version: 0.8.2
Check: compiled code
Result: NOTE
File ‘SpatialKDE/libs/SpatialKDE.so’:
Found non-API calls to R: ‘SETLENGTH’, ‘SET_TRUELENGTH’
Compiled code should not call non-API entry points in R.
See ‘Writing portable packages’ in the ‘Writing R Extensions’ manual.
Flavors: r-devel-linux-x86_64-debian-clang, r-devel-linux-x86_64-debian-gcc, r-devel-linux-x86_64-fedora-clang, r-devel-linux-x86_64-fedora-gcc