Last updated on 2023-03-21 11:54:02 CET.
Flavor | Version | Tinstall | Tcheck | Ttotal | Status | Flags |
---|---|---|---|---|---|---|
r-devel-linux-x86_64-debian-clang | 1.0.5 | 124.20 | 33.70 | 157.90 | OK | |
r-devel-linux-x86_64-debian-gcc | 1.0.5 | 96.96 | 26.20 | 123.16 | OK | |
r-devel-linux-x86_64-fedora-clang | 1.0.5 | 224.08 | OK | |||
r-devel-linux-x86_64-fedora-gcc | 1.0.5 | 217.19 | OK | |||
r-devel-windows-x86_64 | 1.0.5 | 102.00 | 81.00 | 183.00 | NOTE | |
r-patched-linux-x86_64 | 1.0.5 | 98.94 | 33.03 | 131.97 | OK | |
r-release-linux-x86_64 | 1.0.5 | 103.10 | 33.42 | 136.52 | OK | |
r-release-macos-arm64 | 1.0.5 | 52.00 | NOTE | |||
r-release-macos-x86_64 | 1.0.5 | 71.00 | NOTE | |||
r-release-windows-x86_64 | 1.0.5 | 88.00 | 86.00 | 174.00 | OK | |
r-oldrel-macos-arm64 | 1.0.5 | 56.00 | NOTE | |||
r-oldrel-macos-x86_64 | 1.0.5 | 80.00 | NOTE | |||
r-oldrel-windows-ix86+x86_64 | 1.0.5 | 273.00 | 93.00 | 366.00 | OK |
Version: 1.0.5
Check: C++ specification
Result: NOTE
Specified C++11: please drop specification unless essential
Flavor: r-devel-windows-x86_64
Version: 1.0.5
Check: installed package size
Result: NOTE
installed size is 5.5Mb
sub-directories of 1Mb or more:
libs 5.4Mb
Flavors: r-release-macos-arm64, r-release-macos-x86_64, r-oldrel-macos-arm64, r-oldrel-macos-x86_64