Last updated on 2023-12-01 17:52:50 CET.
Flavor | Version | Tinstall | Tcheck | Ttotal | Status | Flags |
---|---|---|---|---|---|---|
r-devel-linux-x86_64-debian-clang | 2.1-0 | 3.91 | 25.45 | 29.36 | NOTE | |
r-devel-linux-x86_64-debian-gcc | 2.1-0 | 3.10 | 20.02 | 23.12 | NOTE | |
r-devel-linux-x86_64-fedora-clang | 2.1-0 | 37.43 | OK | |||
r-devel-linux-x86_64-fedora-gcc | 2.1-0 | 36.06 | OK | |||
r-devel-windows-x86_64 | 2.1-0 | 6.00 | 44.00 | 50.00 | OK | |
r-patched-linux-x86_64 | 2.1-0 | 3.32 | 25.28 | 28.60 | OK | |
r-release-linux-x86_64 | 2.1-0 | 3.34 | 25.48 | 28.82 | OK | |
r-release-macos-arm64 | 2.1-0 | 19.00 | OK | |||
r-release-macos-x86_64 | 2.1-0 | 25.00 | OK | |||
r-release-windows-x86_64 | 2.1-0 | 7.00 | 42.00 | 49.00 | OK | |
r-oldrel-macos-arm64 | 2.1-0 | 19.00 | OK | |||
r-oldrel-macos-x86_64 | 2.1-0 | 22.00 | OK | |||
r-oldrel-windows-x86_64 | 2.1-0 | 25.00 | 54.00 | 79.00 | OK |
Version: 2.1-0
Check: Rd files
Result: NOTE
checkRd: (-1) softening.optimized.Rd:42-43: Lost braces in \itemize; meant \describe ?
checkRd: (-1) softening.optimized.Rd:44: Lost braces in \itemize; meant \describe ?
Flavors: r-devel-linux-x86_64-debian-clang, r-devel-linux-x86_64-debian-gcc