CRAN Package Check Results for Package StabilizedRegression

Last updated on 2021-07-31 23:50:43 CEST.

Flavor Version Tinstall Tcheck Ttotal Status Flags
r-devel-linux-x86_64-debian-clang 1.0 10.72 97.55 108.27 NOTE
r-devel-linux-x86_64-debian-gcc 1.0 9.14 71.59 80.73 NOTE
r-devel-linux-x86_64-fedora-clang 1.0 139.66 NOTE
r-devel-linux-x86_64-fedora-gcc 1.0 130.87 NOTE
r-devel-windows-x86_64 1.0 17.00 114.00 131.00 NOTE
r-devel-windows-x86_64-gcc10-UCRT 1.0 NOTE
r-patched-linux-x86_64 1.0 NOTE
r-patched-solaris-x86 1.0 174.60 NOTE
r-release-linux-x86_64 1.0 10.27 90.61 100.88 NOTE
r-release-macos-arm64 1.0 NOTE
r-release-macos-x86_64 1.0 NOTE
r-release-windows-ix86+x86_64 1.0 27.00 83.00 110.00 NOTE
r-oldrel-macos-x86_64 1.0 OK
r-oldrel-windows-ix86+x86_64 1.0 18.00 114.00 132.00 OK

Check Details

Version: 1.0
Check: LazyData
Result: NOTE
     'LazyData' is specified without a 'data' directory
Flavors: r-devel-linux-x86_64-debian-clang, r-devel-linux-x86_64-debian-gcc, r-devel-linux-x86_64-fedora-clang, r-devel-linux-x86_64-fedora-gcc, r-devel-windows-x86_64, r-devel-windows-x86_64-gcc10-UCRT, r-patched-linux-x86_64, r-patched-solaris-x86, r-release-linux-x86_64, r-release-macos-arm64, r-release-macos-x86_64, r-release-windows-ix86+x86_64