CRAN Package Check Results for Package StempCens

Last updated on 2024-04-19 18:05:46 CEST.

Flavor Version Tinstall Tcheck Ttotal Status Flags
r-devel-linux-x86_64-debian-clang 1.1.0 57.64 110.83 168.47 NOTE
r-devel-linux-x86_64-debian-gcc 1.1.0 NOTE
r-devel-linux-x86_64-fedora-clang 1.1.0 216.03 NOTE
r-devel-linux-x86_64-fedora-gcc 1.1.0 230.35 NOTE
r-prerel-macos-arm64 1.1.0 50.00 NOTE
r-prerel-windows-x86_64 1.1.0 43.00 118.00 161.00 NOTE
r-patched-linux-x86_64 1.1.0 52.06 105.67 157.73 NOTE
r-release-linux-x86_64 1.1.0 54.78 107.60 162.38 NOTE
r-release-macos-arm64 1.1.0 55.00 NOTE
r-release-macos-x86_64 1.1.0 101.00 NOTE
r-release-windows-x86_64 1.1.0 55.00 144.00 199.00 NOTE
r-oldrel-macos-arm64 1.1.0 58.00 OK
r-oldrel-windows-x86_64 1.1.0 55.00 139.00 194.00 OK

Check Details

Version: 1.1.0
Check: C++ specification
Result: NOTE Specified C++11: please drop specification unless essential Flavors: r-devel-linux-x86_64-debian-clang, r-devel-linux-x86_64-debian-gcc, r-devel-linux-x86_64-fedora-clang, r-devel-linux-x86_64-fedora-gcc, r-prerel-macos-arm64, r-prerel-windows-x86_64, r-patched-linux-x86_64, r-release-linux-x86_64, r-release-macos-arm64, r-release-macos-x86_64, r-release-windows-x86_64

Version: 1.1.0
Check: package subdirectories
Result: NOTE Problems with news in ‘NEWS.md’: No news entries found. Flavors: r-devel-linux-x86_64-debian-clang, r-devel-linux-x86_64-debian-gcc, r-devel-linux-x86_64-fedora-clang, r-devel-linux-x86_64-fedora-gcc, r-prerel-macos-arm64, r-prerel-windows-x86_64, r-patched-linux-x86_64, r-release-linux-x86_64, r-release-macos-arm64, r-release-macos-x86_64, r-release-windows-x86_64