CRAN Package Check Results for Package StempCens

Last updated on 2021-12-08 23:49:32 CET.

Flavor Version Tinstall Tcheck Ttotal Status Flags
r-devel-linux-x86_64-debian-clang 1.1.0 46.42 113.18 159.60 OK
r-devel-linux-x86_64-debian-gcc 1.1.0 37.08 85.69 122.77 OK
r-devel-linux-x86_64-fedora-clang 1.1.0 221.60 OK
r-devel-linux-x86_64-fedora-gcc 1.1.0 194.69 OK
r-devel-windows-x86_64-new-UL 1.1.0 65.00 167.00 232.00 OK
r-devel-windows-x86_64-new-TK 1.1.0 OK
r-devel-windows-x86_64-old 1.1.0 67.00 142.00 209.00 OK
r-patched-linux-x86_64 1.1.0 44.24 105.36 149.60 OK
r-release-linux-x86_64 1.1.0 43.27 105.48 148.75 OK
r-release-macos-arm64 1.1.0 NOTE
r-release-macos-x86_64 1.1.0 OK
r-release-windows-ix86+x86_64 1.1.0 92.00 179.00 271.00 OK
r-oldrel-macos-x86_64 1.1.0 OK
r-oldrel-windows-ix86+x86_64 1.1.0 121.00 185.00 306.00 OK

Check Details

Version: 1.1.0
Check: installed package size
Result: NOTE
     installed size is 5.1Mb
     sub-directories of 1Mb or more:
     libs 4.9Mb
Flavor: r-release-macos-arm64