Last updated on 2023-05-28 12:02:03 CEST.
Flavor | Version | Tinstall | Tcheck | Ttotal | Status | Flags |
---|---|---|---|---|---|---|
r-devel-linux-x86_64-debian-clang | 1.1.0 | 54.76 | 115.05 | 169.81 | NOTE | |
r-devel-linux-x86_64-debian-gcc | 1.1.0 | 43.20 | 86.81 | 130.01 | NOTE | |
r-devel-linux-x86_64-fedora-clang | 1.1.0 | 221.79 | NOTE | |||
r-devel-linux-x86_64-fedora-gcc | 1.1.0 | 244.93 | NOTE | |||
r-devel-windows-x86_64 | 1.1.0 | 43.00 | 120.00 | 163.00 | NOTE | |
r-patched-linux-x86_64 | 1.1.0 | 42.32 | 107.83 | 150.15 | NOTE | |
r-release-linux-x86_64 | 1.1.0 | 44.44 | 108.10 | 152.54 | NOTE | |
r-release-macos-arm64 | 1.1.0 | 55.00 | NOTE | |||
r-release-macos-x86_64 | 1.1.0 | 101.00 | NOTE | |||
r-release-windows-x86_64 | 1.1.0 | 55.00 | 145.00 | 200.00 | NOTE | |
r-oldrel-macos-arm64 | 1.1.0 | 58.00 | OK | |||
r-oldrel-macos-x86_64 | 1.1.0 | 106.00 | OK | |||
r-oldrel-windows-x86_64 | 1.1.0 | 52.00 | 141.00 | 193.00 | OK |
Version: 1.1.0
Check: C++ specification
Result: NOTE
Specified C++11: please drop specification unless essential
Flavors: r-devel-linux-x86_64-debian-clang, r-devel-linux-x86_64-debian-gcc, r-devel-linux-x86_64-fedora-clang, r-devel-linux-x86_64-fedora-gcc, r-devel-windows-x86_64, r-patched-linux-x86_64, r-release-linux-x86_64, r-release-macos-arm64, r-release-macos-x86_64, r-release-windows-x86_64
Version: 1.1.0
Check: package subdirectories
Result: NOTE
Problems with news in ‘NEWS.md’:
No news entries found.
Flavors: r-devel-linux-x86_64-debian-clang, r-devel-linux-x86_64-debian-gcc, r-devel-linux-x86_64-fedora-clang, r-devel-linux-x86_64-fedora-gcc, r-devel-windows-x86_64, r-patched-linux-x86_64, r-release-linux-x86_64, r-release-macos-arm64, r-release-macos-x86_64, r-release-windows-x86_64