Last updated on 2024-04-19 18:05:46 CEST.
Flavor | Version | Tinstall | Tcheck | Ttotal | Status | Flags |
---|---|---|---|---|---|---|
r-devel-linux-x86_64-debian-clang | 2.0.3 | 96.19 | 173.45 | 269.64 | OK | |
r-devel-linux-x86_64-debian-gcc | 2.0.3 | OK | ||||
r-devel-linux-x86_64-fedora-clang | 2.0.3 | 373.01 | OK | |||
r-devel-linux-x86_64-fedora-gcc | 2.0.3 | 461.15 | OK | |||
r-prerel-macos-arm64 | 2.0.3 | 163.00 | NOTE | |||
r-prerel-windows-x86_64 | 2.0.3 | 80.00 | 198.00 | 278.00 | OK | |
r-patched-linux-x86_64 | 2.0.3 | 88.41 | 227.93 | 316.34 | OK | |
r-release-linux-x86_64 | 2.0.3 | 91.88 | 228.76 | 320.64 | OK | |
r-release-macos-arm64 | 2.0.3 | 186.00 | NOTE | |||
r-release-macos-x86_64 | 2.0.3 | 276.00 | NOTE | |||
r-release-windows-x86_64 | 2.0.3 | 101.00 | 254.00 | 355.00 | OK | |
r-oldrel-macos-arm64 | 2.0.3 | 174.00 | NOTE | |||
r-oldrel-windows-x86_64 | 2.0.3 | 83.00 | 249.00 | 332.00 | OK |
Version: 2.0.3
Check: installed package size
Result: NOTE
installed size is 7.9Mb
sub-directories of 1Mb or more:
libs 7.2Mb
Flavors: r-prerel-macos-arm64, r-release-macos-arm64, r-release-macos-x86_64, r-oldrel-macos-arm64