CRAN Package Check Results for Package SuperLearner

Last updated on 2020-10-30 11:50:59 CET.

Flavor Version Tinstall Tcheck Ttotal Status Flags
r-devel-linux-x86_64-debian-clang 2.0-26 6.85 495.94 502.79 NOTE
r-devel-linux-x86_64-debian-gcc 2.0-26 5.84 364.47 370.31 NOTE
r-devel-linux-x86_64-fedora-clang 2.0-26 575.61 NOTE
r-devel-linux-x86_64-fedora-gcc 2.0-26 586.40 NOTE
r-devel-windows-ix86+x86_64 2.0-26 12.00 587.00 599.00 NOTE
r-patched-linux-x86_64 2.0-26 6.67 473.83 480.50 NOTE
r-patched-solaris-x86 2.0-26 1026.20 NOTE
r-release-linux-x86_64 2.0-26 6.88 462.84 469.72 NOTE
r-release-macos-x86_64 2.0-26 NOTE
r-release-windows-ix86+x86_64 2.0-26 8.00 511.00 519.00 NOTE
r-oldrel-macos-x86_64 2.0-26 NOTE
r-oldrel-windows-ix86+x86_64 2.0-26 10.00 576.00 586.00 NOTE

Check Details

Version: 2.0-26
Check: dependencies in R code
Result: NOTE
    'library' or 'require' call to 'gam' in package code.
     Please use :: or requireNamespace() instead.
     See section 'Suggested packages' in the 'Writing R Extensions' manual.
Flavors: r-devel-linux-x86_64-debian-clang, r-devel-linux-x86_64-debian-gcc, r-devel-linux-x86_64-fedora-clang, r-devel-linux-x86_64-fedora-gcc, r-devel-windows-ix86+x86_64, r-patched-linux-x86_64, r-patched-solaris-x86, r-release-linux-x86_64, r-release-macos-x86_64, r-release-windows-ix86+x86_64, r-oldrel-macos-x86_64, r-oldrel-windows-ix86+x86_64