CRAN Package Check Results for Package SuperLearner

Last updated on 2024-02-22 00:58:44 CET.

Flavor Version Tinstall Tcheck Ttotal Status Flags
r-devel-linux-x86_64-debian-clang 2.0-28.1 NOTE
r-devel-linux-x86_64-debian-gcc 2.0-28.1 5.85 280.64 286.49 NOTE
r-devel-linux-x86_64-fedora-clang 2.0-29 517.22 OK
r-devel-linux-x86_64-fedora-gcc 2.0-29 491.60 OK
r-devel-windows-x86_64 2.0-28.1 8.00 297.00 305.00 NOTE
r-patched-linux-x86_64 2.0-28.1 9.08 355.59 364.67 NOTE
r-release-linux-x86_64 2.0-28.1 6.68 357.91 364.59 NOTE
r-release-macos-arm64 2.0-29 170.00 OK
r-release-macos-x86_64 2.0-29 357.00 OK
r-release-windows-x86_64 2.0-28.1 9.00 633.00 642.00 FAIL
r-oldrel-macos-arm64 2.0-29 169.00 OK
r-oldrel-windows-x86_64 2.0-29 13.00 406.00 419.00 OK

Check Details

Version: 2.0-28.1
Check: package dependencies
Result: NOTE Package suggested but not available for checking: ‘extraTrees’ Flavors: r-devel-linux-x86_64-debian-clang, r-devel-linux-x86_64-debian-gcc, r-devel-windows-x86_64, r-patched-linux-x86_64, r-release-linux-x86_64, r-release-windows-x86_64

Version: 2.0-28.1
Check: Rd files
Result: NOTE checkRd: (-1) SL.bartMachine.Rd:41: Lost braces; missing escapes or markup? 41 | contained in the interval (y_{min}, y_{max}), based on a normal | ^ checkRd: (-1) SL.bartMachine.Rd:41: Lost braces; missing escapes or markup? 41 | contained in the interval (y_{min}, y_{max}), based on a normal | ^ checkRd: (-1) SL.cforest.Rd:5: Lost braces; missing escapes or markup? 5 | \title{cforest {party}} | ^ Flavors: r-devel-linux-x86_64-debian-clang, r-devel-linux-x86_64-debian-gcc

Version: 2.0-28.1
Check: Rd cross-references
Result: NOTE Unknown package ‘extraTrees’ in Rd xrefs Flavors: r-devel-linux-x86_64-debian-clang, r-devel-linux-x86_64-debian-gcc, r-devel-windows-x86_64, r-patched-linux-x86_64, r-release-linux-x86_64, r-release-windows-x86_64

Version: 2.0-28.1
Check: re-building of vignette outputs
Result: FAIL
Flavor: r-release-windows-x86_64