Last updated on 2023-02-09 11:55:01 CET.
Flavor | Version | Tinstall | Tcheck | Ttotal | Status | Flags |
---|---|---|---|---|---|---|
r-devel-linux-x86_64-debian-clang | 2.0-28 | 7.55 | 376.84 | 384.39 | NOTE | |
r-devel-linux-x86_64-debian-gcc | 2.0-28 | 6.03 | 278.90 | 284.93 | NOTE | |
r-devel-linux-x86_64-fedora-clang | 2.0-28 | 451.75 | NOTE | |||
r-devel-linux-x86_64-fedora-gcc | 2.0-28 | 440.41 | NOTE | |||
r-devel-windows-x86_64 | 2.0-28 | 59.00 | 422.00 | 481.00 | OK | |
r-patched-linux-x86_64 | 2.0-28 | 7.61 | 346.95 | 354.56 | NOTE | |
r-release-linux-x86_64 | 2.0-28 | 6.93 | 339.52 | 346.45 | NOTE | |
r-release-macos-arm64 | 2.0-28 | 169.00 | NOTE | |||
r-release-macos-x86_64 | 2.0-28 | 168.00 | OK | |||
r-release-windows-x86_64 | 2.0-28 | 78.00 | 429.00 | 507.00 | OK | |
r-oldrel-macos-arm64 | 2.0-28 | 266.00 | OK | |||
r-oldrel-macos-x86_64 | 2.0-28 | 278.00 | OK | |||
r-oldrel-windows-ix86+x86_64 | 2.0-28 | 14.00 | 399.00 | 413.00 | OK |
Version: 2.0-28
Check: package dependencies
Result: NOTE
Package suggested but not available for checking: ‘extraTrees’
Flavors: r-devel-linux-x86_64-debian-clang, r-devel-linux-x86_64-debian-gcc, r-devel-linux-x86_64-fedora-clang, r-devel-linux-x86_64-fedora-gcc, r-patched-linux-x86_64, r-release-linux-x86_64
Version: 2.0-28
Check: Rd cross-references
Result: NOTE
Unknown package ‘extraTrees’ in Rd xrefs
Flavors: r-devel-linux-x86_64-debian-clang, r-devel-linux-x86_64-debian-gcc, r-devel-linux-x86_64-fedora-clang, r-devel-linux-x86_64-fedora-gcc, r-patched-linux-x86_64, r-release-linux-x86_64
Version: 2.0-28
Check: package dependencies
Result: NOTE
Packages suggested but not available for checking: 'genefilter', 'sva'
Flavor: r-release-macos-arm64