CRAN Package Check Results for Package SurvGSD

Last updated on 2021-06-20 05:48:41 CEST.

Flavor Version Tinstall Tcheck Ttotal Status Flags
r-devel-linux-x86_64-debian-clang 1.0.0 10.01 91.50 101.51 NOTE
r-devel-linux-x86_64-debian-gcc 1.0.0 8.62 67.77 76.39 NOTE
r-devel-linux-x86_64-fedora-clang 1.0.0 134.33 NOTE
r-devel-linux-x86_64-fedora-gcc 1.0.0 121.69 NOTE
r-devel-windows-x86_64 1.0.0 17.00 110.00 127.00 NOTE
r-devel-windows-x86_64-gcc10-UCRT 1.0.0 NOTE
r-patched-linux-x86_64 1.0.0 10.66 85.95 96.61 NOTE
r-patched-solaris-x86 1.0.0 176.70 NOTE
r-release-linux-x86_64 1.0.0 9.29 85.69 94.98 NOTE
r-release-macos-arm64 1.0.0 NOTE
r-release-macos-x86_64 1.0.0 NOTE
r-release-windows-ix86+x86_64 1.0.0 25.00 113.00 138.00 NOTE
r-oldrel-macos-x86_64 1.0.0 OK
r-oldrel-windows-ix86+x86_64 1.0.0 19.00 110.00 129.00 OK

Check Details

Version: 1.0.0
Check: LazyData
Result: NOTE
     'LazyData' is specified without a 'data' directory
Flavors: r-devel-linux-x86_64-debian-clang, r-devel-linux-x86_64-debian-gcc, r-devel-linux-x86_64-fedora-clang, r-devel-linux-x86_64-fedora-gcc, r-devel-windows-x86_64, r-devel-windows-x86_64-gcc10-UCRT, r-patched-linux-x86_64, r-patched-solaris-x86, r-release-linux-x86_64, r-release-macos-arm64, r-release-macos-x86_64, r-release-windows-ix86+x86_64