CRAN Package Check Results for Package SurvRegCensCov

Last updated on 2024-07-22 23:56:10 CEST.

Flavor Version Tinstall Tcheck Ttotal Status Flags
r-devel-linux-x86_64-debian-clang 1.7 8.32 84.41 92.73 OK
r-devel-linux-x86_64-debian-gcc 1.7 5.55 63.66 69.21 NOTE
r-devel-linux-x86_64-fedora-clang 1.7 114.38 OK
r-devel-linux-x86_64-fedora-gcc 1.7 119.42 OK
r-devel-windows-x86_64 1.7 8.00 101.00 109.00 NOTE
r-patched-linux-x86_64 1.7 8.70 78.83 87.53 OK
r-release-linux-x86_64 1.7 8.13 80.12 88.25 OK
r-release-macos-arm64 1.7 43.00 OK
r-release-macos-x86_64 1.7 61.00 OK
r-release-windows-x86_64 1.7 7.00 101.00 108.00 OK
r-oldrel-macos-arm64 1.7 45.00 OK
r-oldrel-macos-x86_64 1.7 123.00 OK
r-oldrel-windows-x86_64 1.7 9.00 108.00 117.00 OK

Check Details

Version: 1.7
Check: Rd cross-references
Result: NOTE Found the following Rd file(s) with Rd \link{} targets missing package anchors: ConvertWeibull.Rd: survreg NormalMeanDiffCens.Rd: Surv ParamSampleCens.Rd: Surv SurvRegCens.Rd: Surv, survreg WeibullDiag.Rd: Surv, plot.survfit WeibullReg.Rd: survreg, Surv censorContVar.Rd: Surv Please provide package anchors for all Rd \link{} targets not in the package itself and the base packages. Flavors: r-devel-linux-x86_64-debian-gcc, r-devel-windows-x86_64