CRAN Package Check Results for Package SvyNom

Last updated on 2019-07-16 05:48:35 CEST.

Flavor Version Tinstall Tcheck Ttotal Status Flags
r-devel-linux-x86_64-debian-clang 1.1 9.87 97.45 107.32 NOTE
r-devel-linux-x86_64-debian-gcc 1.1 8.50 74.66 83.16 NOTE
r-devel-linux-x86_64-fedora-clang 1.1 128.05 NOTE
r-devel-linux-x86_64-fedora-gcc 1.1 121.84 NOTE
r-devel-windows-ix86+x86_64 1.1 38.00 160.00 198.00 NOTE
r-patched-linux-x86_64 1.1 9.58 94.05 103.63 NOTE
r-patched-solaris-x86 1.1 198.70 NOTE
r-release-linux-x86_64 1.1 9.22 93.12 102.34 NOTE
r-release-windows-ix86+x86_64 1.1 22.00 145.00 167.00 NOTE
r-release-osx-x86_64 1.1 NOTE
r-oldrel-windows-ix86+x86_64 1.1 19.00 106.00 125.00 NOTE
r-oldrel-osx-x86_64 1.1 NOTE

Check Details

Version: 1.1
Check: R code for possible problems
Result: NOTE
    svycox.calibrate: no visible global function definition for 'quantile'
    svycox.calibrate: no visible binding for global variable 'median'
    svycox.calibrate: no visible global function definition for
     'as.formula'
    svycox.calibrate: no visible global function definition for 'plot'
    svycox.calibrate: no visible global function definition for 'arrows'
    svycox.calibrate: no visible global function definition for 'abline'
    svycox.nomogram: no visible global function definition for 'predict'
    svycox.nomogram: no visible global function definition for 'as.formula'
    svycox.validate : internal.validate.func: no visible global function
     definition for 'as.formula'
    svycox.validate : internal.validate.func: no visible global function
     definition for 'formula'
    Undefined global functions or variables:
     abline arrows as.formula formula median plot predict quantile
    Consider adding
     importFrom("graphics", "abline", "arrows", "plot")
     importFrom("stats", "as.formula", "formula", "median", "predict",
     "quantile")
    to your NAMESPACE file.
Flavors: r-devel-linux-x86_64-debian-clang, r-devel-linux-x86_64-debian-gcc, r-devel-linux-x86_64-fedora-clang, r-devel-linux-x86_64-fedora-gcc, r-devel-windows-ix86+x86_64, r-patched-linux-x86_64, r-patched-solaris-x86, r-release-linux-x86_64, r-release-windows-ix86+x86_64, r-release-osx-x86_64, r-oldrel-windows-ix86+x86_64, r-oldrel-osx-x86_64