CRAN Package Check Results for Package SymbolicDeterminants

Last updated on 2024-06-18 11:54:58 CEST.

Flavor Version Tinstall Tcheck Ttotal Status Flags
r-devel-linux-x86_64-debian-clang 2.0.0 3.70 34.63 38.33 NOTE
r-devel-linux-x86_64-debian-gcc 2.0.0 2.92 26.21 29.13 NOTE
r-devel-linux-x86_64-fedora-clang 2.0.0 50.26 NOTE
r-devel-linux-x86_64-fedora-gcc 2.0.0 59.00 NOTE
r-devel-windows-x86_64 2.0.0 5.00 48.00 53.00 NOTE
r-patched-linux-x86_64 2.0.0 3.79 34.01 37.80 NOTE
r-release-linux-x86_64 2.0.0 3.07 34.31 37.38 NOTE
r-release-macos-arm64 2.0.0 22.00 NOTE
r-release-macos-x86_64 2.0.0 33.00 NOTE
r-release-windows-x86_64 2.0.0 5.00 48.00 53.00 NOTE
r-oldrel-macos-arm64 2.0.0 23.00 NOTE
r-oldrel-macos-x86_64 2.0.0 43.00 NOTE
r-oldrel-windows-x86_64 2.0.0 5.00 51.00 56.00 NOTE

Check Details

Version: 2.0.0
Check: LazyData
Result: NOTE 'LazyData' is specified without a 'data' directory Flavors: r-devel-linux-x86_64-debian-clang, r-devel-linux-x86_64-debian-gcc, r-devel-linux-x86_64-fedora-clang, r-devel-linux-x86_64-fedora-gcc, r-devel-windows-x86_64, r-patched-linux-x86_64, r-release-linux-x86_64, r-release-macos-arm64, r-release-macos-x86_64, r-release-windows-x86_64, r-oldrel-macos-arm64, r-oldrel-macos-x86_64, r-oldrel-windows-x86_64