Last updated on 2024-03-29 06:56:41 CET.
Flavor | Version | Tinstall | Tcheck | Ttotal | Status | Flags |
---|---|---|---|---|---|---|
r-devel-linux-x86_64-debian-clang | 1.1.0 | 7.19 | 314.02 | 321.21 | OK | |
r-devel-linux-x86_64-debian-gcc | 1.1.0 | 6.74 | 220.73 | 227.47 | OK | |
r-devel-linux-x86_64-fedora-clang | 1.1.0 | 371.93 | NOTE | |||
r-devel-linux-x86_64-fedora-gcc | 1.1.0 | 371.24 | OK | |||
r-devel-windows-x86_64 | 1.1.0 | 10.00 | 249.00 | 259.00 | OK | |
r-patched-linux-x86_64 | 1.1.0 | 8.45 | 302.27 | 310.72 | OK | |
r-release-linux-x86_64 | 1.1.0 | 9.35 | 284.22 | 293.57 | OK | |
r-release-macos-arm64 | 1.1.0 | 109.00 | NOTE | |||
r-release-macos-x86_64 | 1.1.0 | 215.00 | NOTE | |||
r-release-windows-x86_64 | 1.1.0 | 13.00 | 289.00 | 302.00 | NOTE | |
r-oldrel-macos-arm64 | 1.1.0 | 99.00 | NOTE | |||
r-oldrel-windows-x86_64 | 1.1.0 | 13.00 | 293.00 | 306.00 | NOTE |
Version: 1.1.0
Check: installed package size
Result: NOTE
installed size is 5.0Mb
sub-directories of 1Mb or more:
data 2.9Mb
doc 1.8Mb
Flavors: r-devel-linux-x86_64-fedora-clang, r-release-macos-arm64, r-release-macos-x86_64, r-release-windows-x86_64, r-oldrel-macos-arm64, r-oldrel-windows-x86_64