Last updated on 2025-01-13 11:48:41 CET.
Flavor | Version | Tinstall | Tcheck | Ttotal | Status | Flags |
---|---|---|---|---|---|---|
r-devel-linux-x86_64-debian-clang | 1.1.0 | 8.02 | 243.73 | 251.75 | OK | |
r-devel-linux-x86_64-debian-gcc | 1.1.0 | 5.01 | 137.04 | 142.05 | OK | |
r-devel-linux-x86_64-fedora-clang | 1.1.0 | 409.63 | OK | |||
r-devel-linux-x86_64-fedora-gcc | 1.1.0 | 395.00 | OK | |||
r-devel-windows-x86_64 | 1.1.0 | 10.00 | 263.00 | 273.00 | OK | |
r-patched-linux-x86_64 | 1.1.0 | 8.10 | 225.43 | 233.53 | OK | |
r-release-linux-x86_64 | 1.1.0 | 7.24 | 227.66 | 234.90 | OK | |
r-release-macos-arm64 | 1.1.0 | 100.00 | NOTE | |||
r-release-macos-x86_64 | 1.1.0 | 190.00 | NOTE | |||
r-release-windows-x86_64 | 1.1.0 | 11.00 | 208.00 | 219.00 | OK | |
r-oldrel-macos-arm64 | 1.1.0 | 109.00 | NOTE | |||
r-oldrel-macos-x86_64 | 1.1.0 | 215.00 | NOTE | |||
r-oldrel-windows-x86_64 | 1.1.0 | 13.00 | 349.00 | 362.00 | NOTE |
Version: 1.1.0
Check: installed package size
Result: NOTE
installed size is 5.0Mb
sub-directories of 1Mb or more:
data 2.9Mb
doc 1.8Mb
Flavors: r-release-macos-arm64, r-release-macos-x86_64, r-oldrel-macos-arm64, r-oldrel-macos-x86_64, r-oldrel-windows-x86_64