Last updated on 2024-08-16 11:49:53 CEST.
Flavor | Version | Tinstall | Tcheck | Ttotal | Status | Flags |
---|---|---|---|---|---|---|
r-devel-linux-x86_64-debian-clang | 4.2-21 | 156.47 | 165.56 | 322.03 | NOTE | |
r-devel-linux-x86_64-debian-gcc | 4.2-21 | 100.10 | 102.52 | 202.62 | NOTE | |
r-devel-linux-x86_64-fedora-clang | 4.2-21 | 567.93 | NOTE | |||
r-devel-linux-x86_64-fedora-gcc | 4.2-21 | 553.44 | OK | |||
r-devel-windows-x86_64 | 4.2-21 | 156.00 | 281.00 | 437.00 | NOTE | |
r-patched-linux-x86_64 | 4.2-21 | 149.37 | 151.63 | 301.00 | OK | |
r-release-linux-x86_64 | 4.2-21 | 144.72 | 154.99 | 299.71 | OK | |
r-release-macos-arm64 | 4.2-21 | 113.00 | NOTE | |||
r-release-macos-x86_64 | 4.2-21 | 171.00 | NOTE | |||
r-release-windows-x86_64 | 4.2-21 | 159.00 | 284.00 | 443.00 | OK | |
r-oldrel-macos-arm64 | 4.2-21 | 118.00 | NOTE | |||
r-oldrel-macos-x86_64 | 4.2-21 | 247.00 | NOTE | |||
r-oldrel-windows-x86_64 | 4.2-21 | 184.00 | 447.00 | 631.00 | OK |
Version: 4.2-21
Check: Rd cross-references
Result: NOTE
Found the following Rd file(s) with Rd \link{} targets missing package
anchors:
IRT.threshold.Rd: IRT.irfprob
Please provide package anchors for all Rd \link{} targets not in the
package itself and the base packages.
Flavors: r-devel-linux-x86_64-debian-clang, r-devel-linux-x86_64-debian-gcc, r-devel-windows-x86_64
Version: 4.2-21
Check: Rd cross-references
Result: NOTE
Undeclared package ‘mirt’ in Rd xrefs
Flavor: r-devel-linux-x86_64-fedora-clang
Version: 4.2-21
Check: installed package size
Result: NOTE
installed size is 7.4Mb
sub-directories of 1Mb or more:
R 2.0Mb
libs 4.5Mb
Flavors: r-release-macos-arm64, r-release-macos-x86_64, r-oldrel-macos-arm64, r-oldrel-macos-x86_64