CRAN Package Check Results for Package TAM

Last updated on 2020-08-14 17:47:30 CEST.

Flavor Version Tinstall Tcheck Ttotal Status Flags
r-devel-linux-x86_64-debian-clang 3.5-19 210.84 177.68 388.52 OK
r-devel-linux-x86_64-debian-gcc 3.5-19 153.84 131.13 284.97 OK
r-devel-linux-x86_64-fedora-clang 3.5-19 518.06 NOTE
r-devel-linux-x86_64-fedora-gcc 3.5-19 472.80 OK
r-devel-windows-ix86+x86_64 3.5-19 523.00 216.00 739.00 OK
r-patched-linux-x86_64 3.5-19 160.52 176.37 336.89 OK
r-patched-solaris-x86 3.5-19 460.30 OK
r-release-linux-x86_64 3.5-19 162.38 178.42 340.80 OK
r-release-macos-x86_64 3.5-19 NOTE
r-release-windows-ix86+x86_64 3.5-19 505.00 202.00 707.00 OK
r-oldrel-macos-x86_64 3.5-19 NOTE
r-oldrel-windows-ix86+x86_64 3.5-19 346.00 191.00 537.00 OK

Check Details

Version: 3.5-19
Check: installed package size
Result: NOTE
     installed size is 7.9Mb
     sub-directories of 1Mb or more:
     R 1.3Mb
     libs 5.6Mb
Flavors: r-devel-linux-x86_64-fedora-clang, r-release-macos-x86_64, r-oldrel-macos-x86_64

Version: 3.5-19
Check: Rd cross-references
Result: NOTE
    Undeclared package ‘mirt’ in Rd xrefs
Flavor: r-devel-linux-x86_64-fedora-clang