CRAN Package Check Results for Package TBRDist

Last updated on 2022-10-07 11:52:36 CEST.

Flavor Version Tinstall Tcheck Ttotal Status Flags
r-devel-linux-x86_64-debian-clang 1.0.2 48.76 130.87 179.63 NOTE
r-devel-linux-x86_64-debian-gcc 1.0.2 40.42 105.02 145.44 NOTE
r-devel-linux-x86_64-fedora-clang 1.0.2 248.75 NOTE
r-devel-linux-x86_64-fedora-gcc 1.0.2 242.56 NOTE
r-devel-windows-x86_64 1.0.2 271.00 204.00 475.00 NOTE
r-patched-linux-x86_64 1.0.2 40.32 132.19 172.51 NOTE
r-release-linux-x86_64 1.0.2 37.60 131.20 168.80 NOTE
r-release-macos-arm64 1.0.2 73.00 NOTE
r-release-macos-x86_64 1.0.2 123.00 NOTE
r-release-windows-x86_64 1.0.2 89.00 226.00 315.00 NOTE
r-oldrel-macos-arm64 1.0.2 80.00 NOTE
r-oldrel-macos-x86_64 1.0.2 127.00 NOTE
r-oldrel-windows-ix86+x86_64 1.0.2 114.00 242.00 356.00 NOTE

Check Details

Version: 1.0.2
Check: LazyData
Result: NOTE
     'LazyData' is specified without a 'data' directory
Flavors: r-devel-linux-x86_64-debian-clang, r-devel-linux-x86_64-debian-gcc, r-devel-linux-x86_64-fedora-clang, r-devel-linux-x86_64-fedora-gcc, r-devel-windows-x86_64, r-patched-linux-x86_64, r-release-linux-x86_64, r-release-macos-arm64, r-release-macos-x86_64, r-release-windows-x86_64, r-oldrel-macos-arm64, r-oldrel-macos-x86_64, r-oldrel-windows-ix86+x86_64

Version: 1.0.2
Check: installed package size
Result: NOTE
     installed size is 5.0Mb
     sub-directories of 1Mb or more:
     libs 4.9Mb
Flavors: r-release-macos-arm64, r-release-macos-x86_64, r-oldrel-macos-arm64, r-oldrel-macos-x86_64