Last updated on 2023-03-31 11:54:24 CEST.
Flavor | Version | Tinstall | Tcheck | Ttotal | Status | Flags |
---|---|---|---|---|---|---|
r-devel-linux-x86_64-debian-clang | 1.2.1 | 11.59 | 92.73 | 104.32 | NOTE | |
r-devel-linux-x86_64-debian-gcc | 1.2.1 | 8.28 | 70.20 | 78.48 | NOTE | |
r-devel-linux-x86_64-fedora-clang | 1.2.1 | 127.92 | NOTE | |||
r-devel-linux-x86_64-fedora-gcc | 1.2.1 | 139.29 | NOTE | |||
r-devel-windows-x86_64 | 1.2.1 | 19.00 | 123.00 | 142.00 | NOTE | |
r-patched-linux-x86_64 | 1.2.1 | 11.00 | 86.99 | 97.99 | NOTE | |
r-release-linux-x86_64 | 1.2.1 | 8.75 | 85.06 | 93.81 | NOTE | |
r-release-macos-arm64 | 1.2.1 | 35.00 | NOTE | |||
r-release-macos-x86_64 | 1.2.1 | 68.00 | NOTE | |||
r-release-windows-x86_64 | 1.2.1 | 16.00 | 124.00 | 140.00 | NOTE | |
r-oldrel-macos-arm64 | 1.2.1 | 46.00 | NOTE | |||
r-oldrel-macos-x86_64 | 1.2.1 | 69.00 | NOTE | |||
r-oldrel-windows-ix86+x86_64 | 1.2.1 | 24.00 | 111.00 | 135.00 | NOTE |
Version: 1.2.1
Check: LazyData
Result: NOTE
'LazyData' is specified without a 'data' directory
Flavors: r-devel-linux-x86_64-debian-clang, r-devel-linux-x86_64-debian-gcc, r-devel-linux-x86_64-fedora-clang, r-devel-linux-x86_64-fedora-gcc, r-devel-windows-x86_64, r-patched-linux-x86_64, r-release-linux-x86_64, r-release-macos-arm64, r-release-macos-x86_64, r-release-windows-x86_64, r-oldrel-macos-arm64, r-oldrel-macos-x86_64, r-oldrel-windows-ix86+x86_64
Version: 1.2.1
Check: dependencies in R code
Result: NOTE
Namespaces in Imports field not imported from:
‘Matrix’ ‘quadprog’
All declared Imports should be used.
Flavors: r-devel-linux-x86_64-fedora-clang, r-devel-linux-x86_64-fedora-gcc, r-release-macos-arm64, r-release-macos-x86_64, r-oldrel-macos-arm64, r-oldrel-macos-x86_64