Last updated on 2024-04-20 00:04:42 CEST.
Flavor | Version | Tinstall | Tcheck | Ttotal | Status | Flags |
---|---|---|---|---|---|---|
r-devel-linux-x86_64-debian-clang | 1.2.5 | 31.72 | 383.22 | 414.94 | OK | |
r-devel-linux-x86_64-debian-gcc | 1.2.5 | OK | ||||
r-devel-linux-x86_64-fedora-clang | 1.2.5 | 516.71 | NOTE | |||
r-devel-linux-x86_64-fedora-gcc | 1.2.5 | 536.06 | OK | |||
r-prerel-macos-arm64 | 1.2.5 | 148.00 | NOTE | |||
r-prerel-macos-x86_64 | 1.2.5 | 172.00 | NOTE | |||
r-prerel-windows-x86_64 | 1.2.5 | 36.00 | 283.00 | 319.00 | NOTE | |
r-patched-linux-x86_64 | 1.2.5 | 29.61 | 390.72 | 420.33 | OK | |
r-release-linux-x86_64 | 1.2.5 | 30.50 | 380.62 | 411.12 | OK | |
r-release-macos-arm64 | 1.2.5 | 116.00 | NOTE | |||
r-release-macos-x86_64 | 1.2.5 | 170.00 | NOTE | |||
r-release-windows-x86_64 | 1.2.5 | 41.00 | 445.00 | 486.00 | NOTE | |
r-oldrel-macos-arm64 | 1.2.5 | 118.00 | NOTE | |||
r-oldrel-windows-x86_64 | 1.2.5 | 45.00 | 374.00 | 419.00 | NOTE |
Version: 1.2.5
Check: package dependencies
Result: NOTE
Imports includes 25 non-default packages.
Importing from so many packages makes the package vulnerable to any of
them becoming unavailable. Move as many as possible to Suggests and
use conditionally.
Flavor: r-devel-linux-x86_64-fedora-clang
Version: 1.2.5
Check: installed package size
Result: NOTE
installed size is 13.5Mb
sub-directories of 1Mb or more:
doc 12.3Mb
Flavors: r-devel-linux-x86_64-fedora-clang, r-prerel-macos-arm64, r-prerel-macos-x86_64, r-prerel-windows-x86_64, r-release-macos-arm64, r-release-macos-x86_64, r-release-windows-x86_64, r-oldrel-macos-arm64, r-oldrel-windows-x86_64