Last updated on 2024-08-16 11:49:53 CEST.
Flavor | Version | Tinstall | Tcheck | Ttotal | Status | Flags |
---|---|---|---|---|---|---|
r-devel-linux-x86_64-debian-clang | 1.9.1 | 113.67 | 81.55 | 195.22 | NOTE | |
r-devel-linux-x86_64-debian-gcc | 1.9.1 | 86.31 | 59.75 | 146.06 | NOTE | |
r-devel-linux-x86_64-fedora-clang | 1.9.1 | 295.77 | NOTE | |||
r-devel-linux-x86_64-fedora-gcc | 1.9.1 | 390.62 | NOTE | |||
r-devel-windows-x86_64 | 1.9.1 | 110.00 | 228.00 | 338.00 | NOTE | |
r-patched-linux-x86_64 | 1.9.1 | 123.18 | 80.44 | 203.62 | NOTE | |
r-release-linux-x86_64 | 1.9.1 | 115.21 | 81.27 | 196.48 | NOTE | |
r-release-macos-arm64 | 1.9.1 | 79.00 | NOTE | |||
r-release-macos-x86_64 | 1.9.1 | 140.00 | NOTE | |||
r-release-windows-x86_64 | 1.9.1 | 114.00 | 229.00 | 343.00 | NOTE | |
r-oldrel-macos-arm64 | 1.9.1 | 97.00 | NOTE | |||
r-oldrel-macos-x86_64 | 1.9.1 | 266.00 | NOTE | |||
r-oldrel-windows-x86_64 | 1.9.1 | 133.00 | 250.00 | 383.00 | NOTE |
Version: 1.9.1
Check: for GNU extensions in Makefiles
Result: NOTE
GNU make is a SystemRequirements.
Flavors: r-devel-linux-x86_64-debian-clang, r-devel-linux-x86_64-debian-gcc, r-devel-linux-x86_64-fedora-clang, r-devel-linux-x86_64-fedora-gcc, r-devel-windows-x86_64, r-patched-linux-x86_64, r-release-linux-x86_64, r-release-macos-arm64, r-release-macos-x86_64, r-release-windows-x86_64, r-oldrel-macos-arm64, r-oldrel-macos-x86_64, r-oldrel-windows-x86_64
Version: 1.9.1
Check: dependencies in R code
Result: NOTE
Namespace in Imports field not imported from: ‘scales’
All declared Imports should be used.
Flavors: r-devel-linux-x86_64-fedora-clang, r-devel-linux-x86_64-fedora-gcc
Version: 1.9.1
Check: installed package size
Result: NOTE
installed size is 36.5Mb
sub-directories of 1Mb or more:
libs 35.2Mb
Flavors: r-release-macos-arm64, r-release-macos-x86_64, r-oldrel-macos-arm64, r-oldrel-macos-x86_64