Last updated on 2023-10-03 06:07:14 CEST.
Flavor | Version | Tinstall | Tcheck | Ttotal | Status | Flags |
---|---|---|---|---|---|---|
r-devel-linux-x86_64-debian-clang | 1.9 | 142.75 | 98.01 | 240.76 | NOTE | |
r-devel-linux-x86_64-debian-gcc | 1.9 | 111.83 | 76.52 | 188.35 | NOTE | |
r-devel-linux-x86_64-fedora-clang | 1.9 | 295.42 | NOTE | |||
r-devel-linux-x86_64-fedora-gcc | 1.9 | 360.17 | NOTE | |||
r-devel-windows-x86_64 | 1.9 | 107.00 | 170.00 | 277.00 | NOTE | |
r-patched-linux-x86_64 | 1.9 | 140.95 | 99.44 | 240.39 | NOTE | |
r-release-linux-x86_64 | 1.9 | 145.43 | 98.45 | 243.88 | NOTE | |
r-release-macos-arm64 | 1.9 | 115.00 | NOTE | |||
r-release-macos-x86_64 | 1.9 | 184.00 | NOTE | |||
r-release-windows-x86_64 | 1.9 | 131.00 | 185.00 | 316.00 | NOTE | |
r-oldrel-macos-arm64 | 1.9 | 97.00 | NOTE | |||
r-oldrel-macos-x86_64 | 1.9 | 138.00 | NOTE | |||
r-oldrel-windows-x86_64 | 1.9 | 128.00 | 181.00 | 309.00 | NOTE |
Version: 1.9
Check: for GNU extensions in Makefiles
Result: NOTE
GNU make is a SystemRequirements.
Flavors: r-devel-linux-x86_64-debian-clang, r-devel-linux-x86_64-debian-gcc, r-devel-linux-x86_64-fedora-clang, r-devel-linux-x86_64-fedora-gcc, r-devel-windows-x86_64, r-patched-linux-x86_64, r-release-linux-x86_64, r-release-macos-arm64, r-release-macos-x86_64, r-release-windows-x86_64, r-oldrel-macos-arm64, r-oldrel-macos-x86_64, r-oldrel-windows-x86_64
Version: 1.9
Check: dependencies in R code
Result: NOTE
Namespace in Imports field not imported from: ‘scales’
All declared Imports should be used.
Flavors: r-devel-linux-x86_64-fedora-clang, r-devel-linux-x86_64-fedora-gcc
Version: 1.9
Check: installed package size
Result: NOTE
installed size is 38.5Mb
sub-directories of 1Mb or more:
libs 37.2Mb
Flavors: r-release-macos-arm64, r-release-macos-x86_64, r-oldrel-macos-arm64, r-oldrel-macos-x86_64