CRAN Package Check Results for Package TH.data

Last updated on 2024-02-25 11:54:27 CET.

Flavor Version Tinstall Tcheck Ttotal Status Flags
r-devel-linux-x86_64-debian-clang 1.1-2 7.17 92.31 99.48 OK
r-devel-linux-x86_64-debian-gcc 1.1-2 5.30 69.95 75.25 OK
r-devel-linux-x86_64-fedora-clang 1.1-2 120.71 NOTE
r-devel-linux-x86_64-fedora-gcc 1.1-2 129.95 OK
r-devel-windows-x86_64 1.1-2 6.00 384.00 390.00 NOTE
r-patched-linux-x86_64 1.1-2 7.97 90.58 98.55 OK
r-release-linux-x86_64 1.1-2 7.29 90.24 97.53 OK
r-release-macos-arm64 1.1-2 56.00 NOTE
r-release-macos-x86_64 1.1-2 128.00 NOTE
r-release-windows-x86_64 1.1-2 8.00 464.00 472.00 NOTE
r-oldrel-macos-arm64 1.1-2 50.00 NOTE
r-oldrel-windows-x86_64 1.1-2 8.00 442.00 450.00 NOTE

Check Details

Version: 1.1-2
Check: installed package size
Result: NOTE installed size is 9.0Mb sub-directories of 1Mb or more: data 1.1Mb rda 7.1Mb Flavors: r-devel-linux-x86_64-fedora-clang, r-devel-windows-x86_64, r-release-macos-arm64, r-release-macos-x86_64, r-release-windows-x86_64, r-oldrel-macos-arm64, r-oldrel-windows-x86_64