Last updated on 2021-02-27 23:50:53 CET.
Flavor | Version | Tinstall | Tcheck | Ttotal | Status | Flags |
---|---|---|---|---|---|---|
r-devel-linux-x86_64-debian-clang | 1.0-10 | 5.74 | 33.28 | 39.02 | OK | |
r-devel-linux-x86_64-debian-gcc | 1.0-10 | 4.63 | 26.14 | 30.77 | OK | |
r-devel-linux-x86_64-fedora-clang | 1.0-10 | 56.84 | NOTE | |||
r-devel-linux-x86_64-fedora-gcc | 1.0-10 | 46.87 | OK | |||
r-devel-windows-ix86+x86_64 | 1.0-10 | 14.00 | 41.00 | 55.00 | NOTE | |
r-patched-linux-x86_64 | 1.0-10 | 6.29 | 33.88 | 40.17 | OK | |
r-patched-solaris-x86 | 1.0-10 | 76.60 | NOTE | |||
r-release-linux-x86_64 | 1.0-10 | 4.94 | 32.59 | 37.53 | OK | |
r-release-macos-x86_64 | 1.0-10 | NOTE | ||||
r-release-windows-ix86+x86_64 | 1.0-10 | 12.00 | 52.00 | 64.00 | NOTE | |
r-oldrel-macos-x86_64 | 1.0-10 | NOTE | ||||
r-oldrel-windows-ix86+x86_64 | 1.0-10 | 9.00 | 51.00 | 60.00 | NOTE |
Version: 1.0-10
Check: installed package size
Result: NOTE
installed size is 8.5Mb
sub-directories of 1Mb or more:
data 1.2Mb
rda 7.1Mb
Flavors: r-devel-linux-x86_64-fedora-clang, r-devel-windows-ix86+x86_64, r-patched-solaris-x86, r-release-macos-x86_64, r-release-windows-ix86+x86_64, r-oldrel-macos-x86_64, r-oldrel-windows-ix86+x86_64