CRAN Package Check Results for Package TITAN2

Last updated on 2021-05-13 05:49:57 CEST.

Flavor Version Tinstall Tcheck Ttotal Status Flags
r-devel-linux-x86_64-debian-clang 2.4.1 8.99 105.26 114.25 OK
r-devel-linux-x86_64-debian-gcc 2.4.1 6.90 77.62 84.52 OK
r-devel-linux-x86_64-fedora-clang 2.4.1 142.16 NOTE
r-devel-linux-x86_64-fedora-gcc 2.4.1 138.82 NOTE
r-devel-windows-ix86+x86_64 2.4.1 20.00 132.00 152.00 OK
r-devel-windows-x86_64-gcc10-UCRT 2.4.1 NOTE
r-patched-linux-x86_64 2.4.1 15.17 97.87 113.04 OK
r-patched-solaris-x86 2.4.1 187.80 NOTE
r-release-linux-x86_64 2.4.1 7.23 97.32 104.55 OK
r-release-macos-x86_64 2.4.1 NOTE
r-release-windows-ix86+x86_64 2.4.1 14.00 115.00 129.00 OK
r-oldrel-macos-x86_64 2.4.1 NOTE
r-oldrel-windows-ix86+x86_64 2.4.1 16.00 123.00 139.00 OK

Check Details

Version: 2.4.1
Check: dependencies in R code
Result: NOTE
    Namespace in Imports field not imported from: ‘snow’
     All declared Imports should be used.
Flavors: r-devel-linux-x86_64-fedora-clang, r-devel-linux-x86_64-fedora-gcc, r-devel-windows-x86_64-gcc10-UCRT, r-patched-solaris-x86, r-release-macos-x86_64, r-oldrel-macos-x86_64