Last updated on 2023-09-28 11:55:48 CEST.
Flavor | Version | Tinstall | Tcheck | Ttotal | Status | Flags |
---|---|---|---|---|---|---|
r-devel-linux-x86_64-debian-clang | 0.3.4 | 2.28 | 37.64 | 39.92 | NOTE | |
r-devel-linux-x86_64-debian-gcc | 0.3.4 | 1.97 | 28.76 | 30.73 | NOTE | |
r-devel-linux-x86_64-fedora-clang | 0.3.4 | 48.77 | NOTE | |||
r-devel-linux-x86_64-fedora-gcc | 0.3.4 | 62.32 | NOTE | |||
r-devel-windows-x86_64 | 0.3.4 | 4.00 | 162.00 | 166.00 | NOTE | |
r-patched-linux-x86_64 | 0.3.4 | 2.85 | 34.64 | 37.49 | OK | |
r-release-linux-x86_64 | 0.3.4 | 2.44 | 36.32 | 38.76 | OK | |
r-release-macos-arm64 | 0.3.4 | 146.00 | OK | |||
r-release-macos-x86_64 | 0.3.4 | 145.00 | OK | |||
r-release-windows-x86_64 | 0.3.4 | 5.00 | 146.00 | 151.00 | OK | |
r-oldrel-macos-arm64 | 0.3.4 | 110.00 | OK | |||
r-oldrel-macos-x86_64 | 0.3.4 | 87.00 | OK | |||
r-oldrel-windows-x86_64 | 0.3.4 | 5.00 | 111.00 | 116.00 | OK |
Version: 0.3.4
Check: Rd \usage sections
Result: NOTE
Documented arguments not in \usage in documentation object 'TNRS_core':
‘...’
Functions with \usage entries need to have the appropriate \alias
entries, and all their arguments documented.
The \usage entries must correspond to syntactically valid R code.
See chapter ‘Writing R documentation files’ in the ‘Writing R
Extensions’ manual.
Flavors: r-devel-linux-x86_64-debian-clang, r-devel-linux-x86_64-debian-gcc, r-devel-linux-x86_64-fedora-clang, r-devel-linux-x86_64-fedora-gcc, r-devel-windows-x86_64