CRAN Package Check Results for Package TR8

Last updated on 2024-06-23 05:54:37 CEST.

Flavor Version Tinstall Tcheck Ttotal Status Flags
r-devel-linux-x86_64-debian-clang 0.9.22 11.70 107.37 119.07 OK
r-devel-linux-x86_64-debian-gcc 0.9.22 10.31 86.45 96.76 OK
r-devel-linux-x86_64-fedora-clang 0.9.22 157.96 NOTE
r-devel-linux-x86_64-fedora-gcc 0.9.22 161.50 NOTE
r-devel-windows-x86_64 0.9.22 13.00 266.00 279.00 OK
r-patched-linux-x86_64 0.9.22 12.34 109.15 121.49 OK
r-release-linux-x86_64 0.9.22 11.21 110.61 121.82 OK
r-release-macos-arm64 0.9.22 52.00 OK
r-release-macos-x86_64 0.9.22 84.00 OK
r-release-windows-x86_64 0.9.22 14.00 144.00 158.00 OK
r-oldrel-macos-arm64 0.9.22 61.00 OK
r-oldrel-macos-x86_64 0.9.22 85.00 OK
r-oldrel-windows-x86_64 0.9.22 17.00 280.00 297.00 OK

Check Details

Version: 0.9.22
Check: data for non-ASCII characters
Result: NOTE Note: found 153 marked Latin-1 strings Note: found 108 marked UTF-8 strings Flavors: r-devel-linux-x86_64-fedora-clang, r-devel-linux-x86_64-fedora-gcc