CRAN Package Check Results for Package TR8

Last updated on 2023-12-03 23:57:02 CET.

Flavor Version Tinstall Tcheck Ttotal Status Flags
r-devel-linux-x86_64-debian-clang 0.9.22 13.67 113.55 127.22 OK
r-devel-linux-x86_64-debian-gcc 0.9.22 7.66 85.59 93.25 OK
r-devel-linux-x86_64-fedora-clang 0.9.22 159.36 NOTE
r-devel-linux-x86_64-fedora-gcc 0.9.22 172.25 NOTE
r-devel-windows-x86_64 0.9.22 13.00 295.00 308.00 OK
r-patched-linux-x86_64 0.9.22 8.43 108.12 116.55 OK
r-release-linux-x86_64 0.9.22 10.13 108.81 118.94 OK
r-release-macos-arm64 0.9.22 61.00 OK
r-release-macos-x86_64 0.9.22 85.00 OK
r-release-windows-x86_64 0.9.22 16.00 345.00 361.00 OK
r-oldrel-macos-arm64 0.9.22 49.00 NOTE
r-oldrel-macos-x86_64 0.9.22 80.00 NOTE
r-oldrel-windows-x86_64 0.9.22 18.00 150.00 168.00 OK

Check Details

Version: 0.9.22
Check: data for non-ASCII characters
Result: NOTE Note: found 153 marked Latin-1 strings Note: found 108 marked UTF-8 strings Flavors: r-devel-linux-x86_64-fedora-clang, r-devel-linux-x86_64-fedora-gcc, r-oldrel-macos-arm64, r-oldrel-macos-x86_64