CRAN Package Check Results for Package TREXr

Last updated on 2021-06-19 17:50:34 CEST.

Flavor Version Tinstall Tcheck Ttotal Status Flags
r-devel-linux-x86_64-debian-clang 1.0.0 14.85 67.33 82.18 OK
r-devel-linux-x86_64-debian-gcc 1.0.0 13.18 50.57 63.75 OK
r-devel-linux-x86_64-fedora-clang 1.0.0 107.68 NOTE
r-devel-linux-x86_64-fedora-gcc 1.0.0 96.36 NOTE
r-devel-windows-x86_64 1.0.0 23.00 83.00 106.00 OK
r-devel-windows-x86_64-gcc10-UCRT 1.0.0 NOTE
r-patched-linux-x86_64 1.0.0 14.73 65.57 80.30 OK
r-patched-solaris-x86 1.0.0 130.80 NOTE
r-release-linux-x86_64 1.0.0 15.45 65.30 80.75 OK
r-release-macos-arm64 1.0.0 NOTE
r-release-macos-x86_64 1.0.0 NOTE
r-release-windows-ix86+x86_64 1.0.0 25.00 81.00 106.00 OK
r-oldrel-macos-x86_64 1.0.0 NOTE
r-oldrel-windows-ix86+x86_64 1.0.0 22.00 80.00 102.00 OK

Check Details

Version: 1.0.0
Check: dependencies in R code
Result: NOTE
    Namespaces in Imports field not imported from:
     ‘boot’ ‘chron’ ‘randtoolbox’
     All declared Imports should be used.
Flavors: r-devel-linux-x86_64-fedora-clang, r-devel-linux-x86_64-fedora-gcc, r-devel-windows-x86_64-gcc10-UCRT, r-patched-solaris-x86, r-release-macos-arm64, r-release-macos-x86_64, r-oldrel-macos-x86_64