CRAN Package Check Results for Package TRexSelector

Last updated on 2024-06-13 18:50:12 CEST.

Flavor Version Tinstall Tcheck Ttotal Status Flags
r-devel-linux-x86_64-debian-clang 1.0.0 10.71 750.56 761.27 OK
r-devel-linux-x86_64-debian-gcc 1.0.0 9.26 519.00 528.26 ERROR
r-devel-linux-x86_64-fedora-clang 1.0.0 940.27 OK
r-devel-linux-x86_64-fedora-gcc 1.0.0 632.11 OK
r-devel-windows-x86_64 1.0.0 10.00 619.00 629.00 OK
r-patched-linux-x86_64 1.0.0 9.62 727.39 737.01 OK
r-release-linux-x86_64 1.0.0 11.15 728.91 740.06 OK
r-release-macos-arm64 1.0.0 254.00 OK
r-release-macos-x86_64 1.0.0 424.00 OK
r-release-windows-x86_64 1.0.0 11.00 648.00 659.00 OK
r-oldrel-macos-arm64 1.0.0 304.00 OK
r-oldrel-macos-x86_64 1.0.0 656.00 OK
r-oldrel-windows-x86_64 1.0.0 12.00 700.00 712.00 OK

Check Details

Version: 1.0.0
Check: package dependencies
Result: NOTE Packages suggested but not available for checking: 'ggplot2', 'patchwork', 'WGCNA', 'testthat' Flavor: r-devel-linux-x86_64-debian-gcc

Version: 1.0.0
Check: tests
Result: ERROR Running ‘testthat.R’ [0s/1s] Running the tests in ‘tests/testthat.R’ failed. Complete output: > library(testthat) Error in library(testthat) : there is no package called 'testthat' Execution halted Flavor: r-devel-linux-x86_64-debian-gcc

Version: 1.0.0
Check: re-building of vignette outputs
Result: ERROR Error(s) in re-building vignettes: ... --- re-building ‘TRexSelector_usage_and_simulations.Rmd’ using rmarkdown Quitting from lines 224-259 [FDR_and_TPR] (TRexSelector_usage_and_simulations.Rmd) Error: processing vignette 'TRexSelector_usage_and_simulations.Rmd' failed with diagnostics: there is no package called 'ggplot2' --- failed re-building ‘TRexSelector_usage_and_simulations.Rmd’ SUMMARY: processing the following file failed: ‘TRexSelector_usage_and_simulations.Rmd’ Error: Vignette re-building failed. Execution halted Flavor: r-devel-linux-x86_64-debian-gcc