Last updated on 2023-03-27 23:55:57 CEST.
Flavor | Version | Tinstall | Tcheck | Ttotal | Status | Flags |
---|---|---|---|---|---|---|
r-devel-linux-x86_64-debian-clang | 0.1.1 | 9.14 | 70.88 | 80.02 | NOTE | |
r-devel-linux-x86_64-debian-gcc | 0.1.1 | 7.72 | 55.22 | 62.94 | NOTE | |
r-devel-linux-x86_64-fedora-clang | 0.1.1 | 100.67 | NOTE | |||
r-devel-linux-x86_64-fedora-gcc | 0.1.1 | 111.06 | NOTE | |||
r-devel-windows-x86_64 | 0.1.1 | 24.00 | 106.00 | 130.00 | NOTE | |
r-patched-linux-x86_64 | 0.1.1 | 7.86 | 66.66 | 74.52 | NOTE | |
r-release-linux-x86_64 | 0.1.1 | 7.59 | 69.82 | 77.41 | NOTE | |
r-release-macos-arm64 | 0.1.1 | 30.00 | NOTE | |||
r-release-macos-x86_64 | 0.1.1 | 57.00 | NOTE | |||
r-release-windows-x86_64 | 0.1.1 | 20.00 | 100.00 | 120.00 | NOTE | |
r-oldrel-macos-arm64 | 0.1.1 | 41.00 | NOTE | |||
r-oldrel-macos-x86_64 | 0.1.1 | 62.00 | NOTE | |||
r-oldrel-windows-ix86+x86_64 | 0.1.1 | 20.00 | 404.00 | 424.00 | NOTE |
Version: 0.1.1
Check: LazyData
Result: NOTE
'LazyData' is specified without a 'data' directory
Flavors: r-devel-linux-x86_64-debian-clang, r-devel-linux-x86_64-debian-gcc, r-devel-linux-x86_64-fedora-clang, r-devel-linux-x86_64-fedora-gcc, r-devel-windows-x86_64, r-patched-linux-x86_64, r-release-linux-x86_64, r-release-macos-arm64, r-release-macos-x86_64, r-release-windows-x86_64, r-oldrel-macos-arm64, r-oldrel-macos-x86_64, r-oldrel-windows-ix86+x86_64
Version: 0.1.1
Check: R code for possible problems
Result: NOTE
Initiating curl with CURL_SSL_BACKEND: openssl
Flavor: r-oldrel-windows-ix86+x86_64