CRAN Package Check Results for Package TSDFGS

Last updated on 2024-02-22 00:58:45 CET.

Flavor Version Tinstall Tcheck Ttotal Status Flags
r-devel-linux-x86_64-debian-clang 2.0 OK
r-devel-linux-x86_64-debian-gcc 2.0 55.67 46.19 101.86 OK
r-devel-linux-x86_64-fedora-clang 2.0 177.74 OK
r-devel-linux-x86_64-fedora-gcc 2.0 176.58 OK
r-devel-windows-x86_64 2.0 58.00 81.00 139.00 OK
r-patched-linux-x86_64 2.0 71.58 60.45 132.03 OK
r-release-linux-x86_64 2.0 66.57 58.79 125.36 OK
r-release-macos-arm64 2.0 50.00 NOTE
r-release-macos-x86_64 2.0 78.00 NOTE
r-release-windows-x86_64 2.0 70.00 312.00 382.00 OK
r-oldrel-macos-arm64 2.0 50.00 NOTE
r-oldrel-windows-x86_64 2.0 70.00 285.00 355.00 OK

Check Details

Version: 2.0
Check: installed package size
Result: NOTE installed size is 10.6Mb sub-directories of 1Mb or more: data 1.2Mb libs 9.3Mb Flavors: r-release-macos-arm64, r-release-macos-x86_64, r-oldrel-macos-arm64