CRAN Package Check Results for Package TSDFGS

Last updated on 2023-06-01 23:56:32 CEST.

Flavor Version Tinstall Tcheck Ttotal Status Flags
r-devel-linux-x86_64-debian-clang 2.0 73.12 56.75 129.87 OK
r-devel-linux-x86_64-debian-gcc 2.0 56.76 46.93 103.69 OK
r-devel-linux-x86_64-fedora-clang 2.0 175.83 OK
r-devel-linux-x86_64-fedora-gcc 2.0 190.73 OK
r-devel-windows-x86_64 2.0 56.00 197.00 253.00 OK
r-patched-linux-x86_64 2.0 OK
r-release-linux-x86_64 2.0 61.76 57.91 119.67 OK
r-release-macos-arm64 2.0 50.00 NOTE
r-release-macos-x86_64 2.0 78.00 NOTE
r-release-windows-x86_64 2.0 68.00 96.00 164.00 OK
r-oldrel-macos-arm64 2.0 50.00 NOTE
r-oldrel-macos-x86_64 2.0 66.00 NOTE
r-oldrel-windows-x86_64 2.0 64.00 183.00 247.00 OK

Check Details

Version: 2.0
Check: installed package size
Result: NOTE
     installed size is 10.6Mb
     sub-directories of 1Mb or more:
     data 1.2Mb
     libs 9.3Mb
Flavors: r-release-macos-arm64, r-release-macos-x86_64, r-oldrel-macos-arm64, r-oldrel-macos-x86_64