CRAN Package Check Results for Package TSF

Last updated on 2024-06-15 05:49:30 CEST.

Flavor Version Tinstall Tcheck Ttotal Status Flags
r-devel-linux-x86_64-debian-clang 0.1.1 7.20 80.05 87.25 NOTE
r-devel-linux-x86_64-debian-gcc 0.1.1 5.33 58.32 63.65 NOTE
r-devel-linux-x86_64-fedora-clang 0.1.1 107.76 NOTE
r-devel-linux-x86_64-fedora-gcc 0.1.1 99.25 NOTE
r-devel-windows-x86_64 0.1.1 7.00 152.00 159.00 NOTE
r-patched-linux-x86_64 0.1.1 6.82 74.55 81.37 NOTE
r-release-linux-x86_64 0.1.1 7.52 76.45 83.97 NOTE
r-release-macos-arm64 0.1.1 34.00 NOTE
r-release-macos-x86_64 0.1.1 54.00 NOTE
r-release-windows-x86_64 0.1.1 8.00 79.00 87.00 NOTE
r-oldrel-macos-arm64 0.1.1 34.00 NOTE
r-oldrel-macos-x86_64 0.1.1 52.00 NOTE
r-oldrel-windows-x86_64 0.1.1 10.00 90.00 100.00 NOTE

Check Details

Version: 0.1.1
Check: LazyData
Result: NOTE 'LazyData' is specified without a 'data' directory Flavors: r-devel-linux-x86_64-debian-clang, r-devel-linux-x86_64-debian-gcc, r-devel-linux-x86_64-fedora-clang, r-devel-linux-x86_64-fedora-gcc, r-devel-windows-x86_64, r-patched-linux-x86_64, r-release-linux-x86_64, r-release-macos-arm64, r-release-macos-x86_64, r-release-windows-x86_64, r-oldrel-macos-arm64, r-oldrel-macos-x86_64, r-oldrel-windows-x86_64