CRAN Package Check Results for Package TSF

Last updated on 2025-01-17 11:50:05 CET.

Flavor Version Tinstall Tcheck Ttotal Status Flags
r-devel-linux-x86_64-debian-clang 0.1.1 6.15 62.99 69.14 OK
r-devel-linux-x86_64-debian-gcc 0.1.1 4.18 45.56 49.74 OK
r-devel-linux-x86_64-fedora-clang 0.1.1 110.59 OK
r-devel-linux-x86_64-fedora-gcc 0.1.1 107.97 OK
r-devel-windows-x86_64 0.1.1 8.00 81.00 89.00 OK
r-patched-linux-x86_64 0.1.1 5.76 57.05 62.81 NOTE
r-release-linux-x86_64 0.1.1 5.57 56.34 61.91 NOTE
r-release-macos-arm64 0.1.1 34.00 NOTE
r-release-macos-x86_64 0.1.1 54.00 NOTE
r-release-windows-x86_64 0.1.1 9.00 221.00 230.00 NOTE
r-oldrel-macos-arm64 0.1.1 34.00 NOTE
r-oldrel-macos-x86_64 0.1.1 52.00 NOTE
r-oldrel-windows-x86_64 0.1.1 8.00 89.00 97.00 NOTE

Check Details

Version: 0.1.1
Check: LazyData
Result: NOTE 'LazyData' is specified without a 'data' directory Flavors: r-patched-linux-x86_64, r-release-linux-x86_64, r-release-macos-arm64, r-release-macos-x86_64, r-release-windows-x86_64, r-oldrel-macos-arm64, r-oldrel-macos-x86_64, r-oldrel-windows-x86_64