CRAN Package Check Results for Package TSclust

Last updated on 2021-09-23 23:50:24 CEST.

Flavor Version Tinstall Tcheck Ttotal Status Flags
r-devel-linux-x86_64-debian-clang 1.3.1 12.65 116.57 129.22 OK
r-devel-linux-x86_64-debian-gcc 1.3.1 10.00 87.01 97.01 OK
r-devel-linux-x86_64-fedora-clang 1.3.1 172.86 NOTE
r-devel-linux-x86_64-fedora-gcc 1.3.1 150.24 OK
r-devel-windows-x86_64 1.3.1 11.00 99.00 110.00 OK
r-devel-windows-x86_64-gcc10-UCRT 1.3.1 OK
r-patched-linux-x86_64 1.3.1 16.60 110.58 127.18 OK
r-patched-solaris-x86 1.3.1 217.50 OK
r-release-linux-x86_64 1.3.1 12.00 110.78 122.78 OK
r-release-macos-arm64 1.3.1 OK
r-release-macos-x86_64 1.3.1 OK
r-release-windows-ix86+x86_64 1.3.1 27.00 125.00 152.00 OK
r-oldrel-macos-x86_64 1.3.1 OK
r-oldrel-windows-ix86+x86_64 1.3.1 20.00 96.00 116.00 OK

Check Details

Version: 1.3.1
Check: Rd cross-references
Result: NOTE
    Undeclared packages ‘fpc’, ‘clValid’, ‘clv’ in Rd xrefs
Flavor: r-devel-linux-x86_64-fedora-clang