CRAN Package Check Results for Package TSdist

Last updated on 2024-06-13 11:48:32 CEST.

Flavor Version Tinstall Tcheck Ttotal Status Flags
r-devel-linux-x86_64-debian-clang 3.7.1 16.55 140.93 157.48 NOTE
r-devel-linux-x86_64-debian-gcc 3.7.1 0.44 1.77 2.21 ERROR
r-devel-linux-x86_64-fedora-clang 3.7.1 194.45 NOTE
r-devel-linux-x86_64-fedora-gcc 3.7.1 198.75 NOTE
r-devel-windows-x86_64 3.7.1 17.00 122.00 139.00 NOTE
r-patched-linux-x86_64 3.7.1 15.72 134.36 150.08 NOTE
r-release-linux-x86_64 3.7.1 10.27 136.28 146.55 NOTE
r-release-macos-arm64 3.7.1 82.00 NOTE
r-release-macos-x86_64 3.7.1 90.00 NOTE
r-release-windows-x86_64 3.7.1 17.00 229.00 246.00 NOTE
r-oldrel-macos-arm64 3.7.1 51.00 OK
r-oldrel-macos-x86_64 3.7.1 112.00 OK
r-oldrel-windows-x86_64 3.7.1 19.00 151.00 170.00 OK

Check Details

Version: 3.7.1
Check: Rd files
Result: NOTE checkRd: (-1) example.database2.Rd:18: Lost braces in \itemize; meant \describe ? checkRd: (-1) example.database2.Rd:19: Lost braces in \itemize; meant \describe ? checkRd: (-1) example.database3.Rd:18: Lost braces in \itemize; meant \describe ? checkRd: (-1) example.database3.Rd:19: Lost braces in \itemize; meant \describe ? Flavors: r-devel-linux-x86_64-debian-clang, r-devel-linux-x86_64-fedora-clang, r-devel-linux-x86_64-fedora-gcc, r-devel-windows-x86_64, r-patched-linux-x86_64, r-release-linux-x86_64, r-release-macos-arm64, r-release-macos-x86_64, r-release-windows-x86_64

Version: 3.7.1
Check: package dependencies
Result: ERROR Package required but not available: ‘TSclust’ Package suggested but not available for checking: ‘testthat’ See section ‘The DESCRIPTION file’ in the ‘Writing R Extensions’ manual. Flavor: r-devel-linux-x86_64-debian-gcc