CRAN Package Check Results for Package TSstudio

Last updated on 2022-09-30 07:51:32 CEST.

Flavor Version Tinstall Tcheck Ttotal Status Flags
r-devel-linux-x86_64-debian-clang 0.1.6 9.74 90.47 100.21 NOTE
r-devel-linux-x86_64-debian-gcc 0.1.6 7.56 67.36 74.92 NOTE
r-devel-linux-x86_64-fedora-clang 0.1.6 137.45 NOTE
r-devel-linux-x86_64-fedora-gcc 0.1.6 132.87 NOTE
r-devel-windows-x86_64 0.1.6 32.00 202.00 234.00 NOTE
r-patched-linux-x86_64 0.1.6 10.04 88.05 98.09 OK
r-release-linux-x86_64 0.1.6 6.33 87.54 93.87 OK
r-release-macos-arm64 0.1.6 37.00 NOTE
r-release-macos-x86_64 0.1.6 62.00 NOTE
r-release-windows-x86_64 0.1.6 38.00 296.00 334.00 OK
r-oldrel-macos-arm64 0.1.6 528.00 NOTE
r-oldrel-macos-x86_64 0.1.6 57.00 NOTE
r-oldrel-windows-ix86+x86_64 0.1.6 18.00 323.00 341.00 OK

Check Details

Version: 0.1.6
Check: package subdirectories
Result: NOTE
    Problems with news in 'NEWS.md':
     Cannot extract version info from the following section titles:
     Updates for the development version (0.1.0.9000) on Github
Flavors: r-devel-linux-x86_64-debian-clang, r-devel-linux-x86_64-debian-gcc, r-devel-linux-x86_64-fedora-clang, r-devel-linux-x86_64-fedora-gcc, r-devel-windows-x86_64

Version: 0.1.6
Check: dependencies in R code
Result: NOTE
    Namespace in Imports field not imported from: ‘forecastHybrid’
     All declared Imports should be used.
Flavors: r-devel-linux-x86_64-fedora-clang, r-devel-linux-x86_64-fedora-gcc, r-release-macos-arm64, r-release-macos-x86_64, r-oldrel-macos-arm64, r-oldrel-macos-x86_64