CRAN Package Check Results for Package TTmoment

Last updated on 2019-05-19 17:57:51 CEST.

Flavor Version Tinstall Tcheck Ttotal Status Flags
r-devel-linux-x86_64-debian-clang 1.0 1.77 22.93 24.70 NOTE
r-devel-linux-x86_64-debian-gcc 1.0 1.62 18.08 19.70 NOTE
r-devel-linux-x86_64-fedora-clang 1.0 29.88 NOTE
r-devel-linux-x86_64-fedora-gcc 1.0 28.28 NOTE
r-devel-windows-ix86+x86_64 1.0 24.00 58.00 82.00 NOTE
r-patched-linux-x86_64 1.0 1.85 22.71 24.56 NOTE
r-patched-solaris-x86 1.0 43.40 NOTE
r-release-linux-x86_64 1.0 1.56 22.82 24.38 NOTE
r-release-windows-ix86+x86_64 1.0 7.00 47.00 54.00 NOTE
r-release-osx-x86_64 1.0 NOTE
r-oldrel-windows-ix86+x86_64 1.0 3.00 33.00 36.00 NOTE
r-oldrel-osx-x86_64 1.0 NOTE

Check Details

Version: 1.0
Check: R code for possible problems
Result: NOTE
    TT.GS : TT.GS.sp: no visible global function definition for 'qt'
    TT.GS : TT.GS.sp: no visible global function definition for 'runif'
    TT.GS : TT.GS.sp: no visible global function definition for 'pt'
    TT.moment: no visible global function definition for 'dt'
    TT.moment: no visible global function definition for 'pt'
    Undefined global functions or variables:
     dt pt qt runif
    Consider adding
     importFrom("stats", "dt", "pt", "qt", "runif")
    to your NAMESPACE file.
Flavors: r-devel-linux-x86_64-debian-clang, r-devel-linux-x86_64-debian-gcc, r-devel-linux-x86_64-fedora-clang, r-devel-linux-x86_64-fedora-gcc, r-devel-windows-ix86+x86_64, r-patched-linux-x86_64, r-patched-solaris-x86, r-release-linux-x86_64, r-release-windows-ix86+x86_64, r-release-osx-x86_64, r-oldrel-windows-ix86+x86_64, r-oldrel-osx-x86_64