CRAN Package Check Results for Package TTmoment

Last updated on 2019-03-26 11:54:53 CET.

Flavor Version Tinstall Tcheck Ttotal Status Flags
r-devel-linux-x86_64-debian-clang 1.0 2.05 22.66 24.71 NOTE
r-devel-linux-x86_64-debian-gcc 1.0 1.61 18.18 19.79 NOTE
r-devel-linux-x86_64-fedora-clang 1.0 30.08 NOTE
r-devel-linux-x86_64-fedora-gcc 1.0 28.43 NOTE
r-devel-windows-ix86+x86_64 1.0 7.00 37.00 44.00 NOTE
r-patched-linux-x86_64 1.0 1.30 21.45 22.75 NOTE
r-patched-solaris-x86 1.0 41.30 NOTE
r-release-linux-x86_64 1.0 1.04 21.58 22.62 NOTE
r-release-windows-ix86+x86_64 1.0 3.00 33.00 36.00 NOTE
r-release-osx-x86_64 1.0 NOTE
r-oldrel-windows-ix86+x86_64 1.0 2.00 38.00 40.00 NOTE
r-oldrel-osx-x86_64 1.0 NOTE

Check Details

Version: 1.0
Check: R code for possible problems
Result: NOTE
    TT.GS : TT.GS.sp: no visible global function definition for 'qt'
    TT.GS : TT.GS.sp: no visible global function definition for 'runif'
    TT.GS : TT.GS.sp: no visible global function definition for 'pt'
    TT.moment: no visible global function definition for 'dt'
    TT.moment: no visible global function definition for 'pt'
    Undefined global functions or variables:
     dt pt qt runif
    Consider adding
     importFrom("stats", "dt", "pt", "qt", "runif")
    to your NAMESPACE file.
Flavors: r-devel-linux-x86_64-debian-clang, r-devel-linux-x86_64-debian-gcc, r-devel-linux-x86_64-fedora-clang, r-devel-linux-x86_64-fedora-gcc, r-devel-windows-ix86+x86_64, r-patched-linux-x86_64, r-patched-solaris-x86, r-release-linux-x86_64, r-release-windows-ix86+x86_64, r-release-osx-x86_64, r-oldrel-windows-ix86+x86_64, r-oldrel-osx-x86_64