Last updated on 2024-08-31 23:49:17 CEST.
Flavor | Version | Tinstall | Tcheck | Ttotal | Status | Flags |
---|---|---|---|---|---|---|
r-devel-linux-x86_64-debian-clang | 1.7 | 1.58 | 19.98 | 21.56 | NOTE | |
r-devel-linux-x86_64-debian-gcc | 1.7 | 1.61 | 16.14 | 17.75 | NOTE | |
r-devel-linux-x86_64-fedora-clang | 1.7 | 35.89 | NOTE | |||
r-devel-linux-x86_64-fedora-gcc | 1.7 | 34.29 | NOTE | |||
r-devel-windows-x86_64 | 1.7 | 3.00 | 48.00 | 51.00 | NOTE | |
r-patched-linux-x86_64 | 1.7 | 2.12 | 19.31 | 21.43 | NOTE | |
r-release-linux-x86_64 | 1.7 | 1.85 | 19.58 | 21.43 | NOTE | |
r-release-macos-arm64 | 1.7 | 16.00 | NOTE | |||
r-release-macos-x86_64 | 1.7 | 21.00 | NOTE | |||
r-release-windows-x86_64 | 1.7 | 3.00 | 49.00 | 52.00 | NOTE | |
r-oldrel-macos-arm64 | 1.7 | 16.00 | NOTE | |||
r-oldrel-macos-x86_64 | 1.7 | 21.00 | NOTE | |||
r-oldrel-windows-x86_64 | 1.7 | 4.00 | 48.00 | 52.00 | NOTE |
Version: 1.7
Check: Rd files
Result: NOTE
checkRd: (-1) tmCtypes.Rd:22: Escaped LaTeX specials: \#
Flavors: r-devel-linux-x86_64-debian-clang, r-devel-linux-x86_64-debian-gcc, r-devel-linux-x86_64-fedora-clang, r-devel-linux-x86_64-fedora-gcc, r-devel-windows-x86_64, r-patched-linux-x86_64, r-release-linux-x86_64, r-release-macos-arm64, r-release-macos-x86_64, r-release-windows-x86_64, r-oldrel-macos-arm64, r-oldrel-macos-x86_64, r-oldrel-windows-x86_64