CRAN Package Check Results for Package TailRank

Last updated on 2019-07-16 05:48:35 CEST.

Flavor Version Tinstall Tcheck Ttotal Status Flags
r-devel-linux-x86_64-debian-clang 3.2.1 3.60 47.80 51.40 OK
r-devel-linux-x86_64-debian-gcc 3.2.1 2.72 38.03 40.75 OK
r-devel-linux-x86_64-fedora-clang 3.2.1 63.68 OK
r-devel-linux-x86_64-fedora-gcc 3.2.1 61.70 OK
r-devel-windows-ix86+x86_64 3.2.1 13.00 96.00 109.00 OK
r-patched-linux-x86_64 3.2.1 4.01 48.43 52.44 OK
r-patched-solaris-x86 3.2.1 100.30 OK
r-release-linux-x86_64 3.2.1 4.44 47.31 51.75 OK
r-release-windows-ix86+x86_64 3.2.1 9.00 92.00 101.00 OK
r-release-osx-x86_64 3.2.1 ERROR
r-oldrel-windows-ix86+x86_64 3.2.1 7.00 65.00 72.00 OK
r-oldrel-osx-x86_64 3.2.1 OK

Check Details

Version: 3.2.1
Check: package dependencies
Result: ERROR
    Package required but not available: ‘Biobase’
    
    See section ‘The DESCRIPTION file’ in the ‘Writing R Extensions’
    manual.
Flavor: r-release-osx-x86_64