Last updated on 2024-04-25 06:02:29 CEST.
Flavor | Version | Tinstall | Tcheck | Ttotal | Status | Flags |
---|---|---|---|---|---|---|
r-devel-linux-x86_64-debian-clang | 0.12.1 | 63.05 | 77.25 | 140.30 | NOTE | |
r-devel-linux-x86_64-debian-gcc | 0.12.1 | 41.45 | 56.98 | 98.43 | NOTE | |
r-devel-linux-x86_64-fedora-clang | 0.12.1 | 179.44 | NOTE | |||
r-devel-linux-x86_64-fedora-gcc | 0.12.1 | 188.65 | NOTE | |||
r-devel-windows-x86_64 | 0.12.1 | 43.00 | 194.00 | 237.00 | NOTE | |
r-patched-linux-x86_64 | 0.12.1 | 51.27 | 74.20 | 125.47 | NOTE | |
r-release-linux-x86_64 | 0.12.1 | 57.84 | 72.10 | 129.94 | OK | |
r-release-macos-arm64 | 0.12.1 | 54.00 | NOTE | |||
r-release-windows-x86_64 | 0.12.1 | 44.00 | 99.00 | 143.00 | NOTE | |
r-oldrel-macos-arm64 | 0.12.1 | 59.00 | OK | |||
r-oldrel-macos-x86_64 | 0.12.1 | 93.00 | OK | |||
r-oldrel-windows-x86_64 | 0.12.1 | 57.00 | 236.00 | 293.00 | OK |
Version: 0.12.1
Check: Rd files
Result: NOTE
checkRd: (-1) SKPar.Rd:36: Lost braces in \itemize; meant \describe ?
checkRd: (-1) SKPar.Rd:37: Lost braces in \itemize; meant \describe ?
checkRd: (-1) SKPar.Rd:38: Lost braces in \itemize; meant \describe ?
checkRd: (-1) SKPar.Rd:39: Lost braces in \itemize; meant \describe ?
checkRd: (-1) SKPar.Rd:40: Lost braces in \itemize; meant \describe ?
checkRd: (-1) SKPar.Rd:41: Lost braces in \itemize; meant \describe ?
checkRd: (-1) SKPar.Rd:42: Lost braces in \itemize; meant \describe ?
checkRd: (-1) SKPar.Rd:43: Lost braces in \itemize; meant \describe ?
Flavors: r-devel-linux-x86_64-debian-clang, r-devel-linux-x86_64-debian-gcc, r-devel-linux-x86_64-fedora-clang, r-devel-linux-x86_64-fedora-gcc, r-devel-windows-x86_64, r-patched-linux-x86_64, r-release-macos-arm64, r-release-windows-x86_64