Last updated on 2024-08-16 11:49:53 CEST.
Flavor | Version | Tinstall | Tcheck | Ttotal | Status | Flags |
---|---|---|---|---|---|---|
r-devel-linux-x86_64-debian-clang | 3.3.3 | 15.89 | 130.87 | 146.76 | NOTE | |
r-devel-linux-x86_64-debian-gcc | 3.3.3 | 12.13 | 88.72 | 100.85 | NOTE | |
r-devel-linux-x86_64-fedora-clang | 3.3.3 | 236.85 | OK | |||
r-devel-linux-x86_64-fedora-gcc | 3.3.3 | 216.98 | OK | |||
r-devel-windows-x86_64 | 3.3.3 | 18.00 | 146.00 | 164.00 | NOTE | |
r-patched-linux-x86_64 | 3.3.3 | 24.13 | 122.68 | 146.81 | OK | |
r-release-linux-x86_64 | 3.3.3 | 16.21 | 124.82 | 141.03 | OK | |
r-release-macos-arm64 | 3.3.3 | 63.00 | OK | |||
r-release-macos-x86_64 | 3.3.3 | 89.00 | OK | |||
r-release-windows-x86_64 | 3.3.3 | 17.00 | 137.00 | 154.00 | OK | |
r-oldrel-macos-arm64 | 3.3.3 | 50.00 | OK | |||
r-oldrel-macos-x86_64 | 3.3.3 | 86.00 | OK | |||
r-oldrel-windows-x86_64 | 3.3.3 | 24.00 | 173.00 | 197.00 | OK |
Version: 3.3.3
Check: Rd cross-references
Result: NOTE
Found the following Rd file(s) with Rd \link{} targets missing package
anchors:
TG_density.fd.Rd: intensity.fd
Please provide package anchors for all Rd \link{} targets not in the
package itself and the base packages.
Flavors: r-devel-linux-x86_64-debian-clang, r-devel-linux-x86_64-debian-gcc, r-devel-windows-x86_64