CRAN Package Check Results for Package TiPS

Last updated on 2021-12-04 23:50:48 CET.

Flavor Version Tinstall Tcheck Ttotal Status Flags
r-devel-linux-x86_64-debian-clang 1.1.0 45.35 129.93 175.28 OK
r-devel-linux-x86_64-debian-gcc 1.1.0 34.89 86.41 121.30 OK
r-devel-linux-x86_64-fedora-clang 1.1.0 210.84 OK
r-devel-linux-x86_64-fedora-gcc 1.1.0 216.43 OK
r-devel-windows-x86_64-new-UL 1.1.0 66.00 343.00 409.00 OK
r-devel-windows-x86_64-new-TK 1.1.0 OK
r-devel-windows-x86_64-old 1.1.0 61.00 113.00 174.00 OK
r-patched-linux-x86_64 1.1.0 42.12 190.75 232.87 OK
r-release-linux-x86_64 1.1.0 41.31 122.87 164.18 OK
r-release-macos-arm64 1.1.0 NOTE
r-release-macos-x86_64 1.1.0 OK
r-release-windows-ix86+x86_64 1.1.0 114.00 497.00 611.00 OK
r-oldrel-macos-x86_64 1.1.0 OK
r-oldrel-windows-ix86+x86_64 1.1.0 118.00 183.00 301.00 OK

Check Details

Version: 1.1.0
Check: installed package size
Result: NOTE
     installed size is 5.7Mb
     sub-directories of 1Mb or more:
     doc 1.2Mb
     libs 4.3Mb
Flavor: r-release-macos-arm64