Last updated on 2024-08-31 23:49:17 CEST.
Flavor | Version | Tinstall | Tcheck | Ttotal | Status | Flags |
---|---|---|---|---|---|---|
r-devel-linux-x86_64-debian-clang | 0.3.1 | 6.44 | 69.87 | 76.31 | NOTE | |
r-devel-linux-x86_64-debian-gcc | 0.3.1 | 5.17 | 50.27 | 55.44 | NOTE | |
r-devel-linux-x86_64-fedora-clang | 0.3.1 | 120.84 | NOTE | |||
r-devel-linux-x86_64-fedora-gcc | 0.3.1 | 124.80 | NOTE | |||
r-devel-windows-x86_64 | 0.3.1 | 8.00 | 84.00 | 92.00 | NOTE | |
r-patched-linux-x86_64 | 0.3.1 | 7.37 | 67.27 | 74.64 | NOTE | |
r-release-linux-x86_64 | 0.3.1 | 5.90 | 67.33 | 73.23 | NOTE | |
r-release-macos-arm64 | 0.3.1 | 40.00 | NOTE | |||
r-release-macos-x86_64 | 0.3.1 | 63.00 | NOTE | |||
r-release-windows-x86_64 | 0.3.1 | 8.00 | 84.00 | 92.00 | NOTE | |
r-oldrel-macos-arm64 | 0.3.1 | 43.00 | OK | |||
r-oldrel-macos-x86_64 | 0.3.1 | 60.00 | OK | |||
r-oldrel-windows-x86_64 | 0.3.1 | 10.00 | 104.00 | 114.00 | OK |
Version: 0.3.1
Check: Rd files
Result: NOTE
checkRd: (-1) alcohol.Rd:16-18: Lost braces in \itemize; meant \describe ?
checkRd: (-1) alcohol.Rd:19-21: Lost braces in \itemize; meant \describe ?
checkRd: (-1) alcohol.Rd:22-26: Lost braces in \itemize; meant \describe ?
Flavors: r-devel-linux-x86_64-debian-clang, r-devel-linux-x86_64-debian-gcc, r-devel-linux-x86_64-fedora-clang, r-devel-linux-x86_64-fedora-gcc, r-devel-windows-x86_64, r-patched-linux-x86_64, r-release-linux-x86_64, r-release-macos-arm64, r-release-macos-x86_64, r-release-windows-x86_64