CRAN Package Check Results for Package TooManyCellsR

Last updated on 2024-05-23 17:52:14 CEST.

Flavor Version Tinstall Tcheck Ttotal Status Flags
r-devel-linux-x86_64-debian-clang 0.1.1.0 2.14 26.05 28.19 NOTE
r-devel-linux-x86_64-debian-gcc 0.1.1.0 1.54 19.36 20.90 NOTE
r-devel-linux-x86_64-fedora-clang 0.1.1.0 35.17 NOTE
r-devel-linux-x86_64-fedora-gcc 0.1.1.0 33.54 NOTE
r-devel-windows-x86_64 0.1.1.0 4.00 40.00 44.00 NOTE
r-patched-linux-x86_64 0.1.1.0 2.19 25.04 27.23 NOTE
r-release-linux-x86_64 0.1.1.0 1.29 24.08 25.37 NOTE
r-release-macos-arm64 0.1.1.0 16.00 NOTE
r-release-windows-x86_64 0.1.1.0 4.00 64.00 68.00 NOTE
r-oldrel-macos-arm64 0.1.1.0 17.00 NOTE
r-oldrel-macos-x86_64 0.1.1.0 21.00 NOTE
r-oldrel-windows-x86_64 0.1.1.0 4.00 44.00 48.00 NOTE

Check Details

Version: 0.1.1.0
Check: LazyData
Result: NOTE 'LazyData' is specified without a 'data' directory Flavors: r-devel-linux-x86_64-debian-clang, r-devel-linux-x86_64-debian-gcc, r-devel-linux-x86_64-fedora-clang, r-devel-linux-x86_64-fedora-gcc, r-devel-windows-x86_64, r-patched-linux-x86_64, r-release-linux-x86_64, r-release-macos-arm64, r-release-windows-x86_64, r-oldrel-macos-arm64, r-oldrel-macos-x86_64, r-oldrel-windows-x86_64

Version: 0.1.1.0
Check: dependencies in R code
Result: NOTE Namespaces in Imports field not imported from: ‘cowplot’ ‘ggplot2’ ‘jsonlite’ All declared Imports should be used. Flavors: r-devel-linux-x86_64-fedora-clang, r-devel-linux-x86_64-fedora-gcc