CRAN Package Check Results for Package ToxicR

Last updated on 2022-09-30 07:51:32 CEST.

Flavor Version Tinstall Tcheck Ttotal Status Flags
r-devel-linux-x86_64-debian-clang 22.8.1.0.2 753.75 371.10 1124.85 WARN
r-devel-linux-x86_64-debian-gcc 22.8.1.0.2 559.00 273.32 832.32 WARN
r-devel-linux-x86_64-fedora-clang 22.8.1.0.2 1504.83 WARN
r-devel-linux-x86_64-fedora-gcc 22.8.1.0.2 1458.27 WARN
r-devel-windows-x86_64 22.8.1.0.2 432.00 522.00 954.00 NOTE
r-patched-linux-x86_64 22.8.1.0.2 586.59 355.07 941.66 OK
r-release-linux-x86_64 22.8.1.0.2 614.48 360.58 975.06 OK
r-release-macos-arm64 22.8.1.0.2 361.00 NOTE
r-release-macos-x86_64 22.8.1.0.2 498.00 NOTE
r-release-windows-x86_64 22.8.1.0.2 428.00 460.00 888.00 NOTE
r-oldrel-macos-arm64 22.8.1.0.2 355.00 NOTE
r-oldrel-macos-x86_64 22.8.1.0.2 496.00 NOTE
r-oldrel-windows-ix86+x86_64 22.8.1.0.2 1385.00 714.00 2099.00 NOTE

Additional issues

clang15 clang15 M1mac

Check Details

Version: 22.8.1.0.2
Check: whether package can be installed
Result: WARN
    Found the following significant warnings:
     /tmp/Rtmpdzso80/R.INSTALL2cc9211db96d72/ToxicR/src/nlopt-src/src/util/stop.c:196:56: warning: incomplete format specifier [-Wformat]
Flavor: r-devel-linux-x86_64-debian-clang

Version: 22.8.1.0.2
Check: whether package can be installed
Result: WARN
    Found the following significant warnings:
     /home/hornik/tmp/scratch/Rtmpl6AZNQ/R.INSTALL36645270c6bd7c/ToxicR/src/nlopt-src/src/util/stop.c:196:56: warning: spurious trailing '%' in format [-Wformat=]
Flavor: r-devel-linux-x86_64-debian-gcc

Version: 22.8.1.0.2
Check: whether package can be installed
Result: WARN
    Found the following significant warnings:
     /data/gannet/ripley/R/packages/tests-clang/ToxicR/src/nlopt-src/src/util/stop.c:196:56: warning: incomplete format specifier [-Wformat]
Flavor: r-devel-linux-x86_64-fedora-clang

Version: 22.8.1.0.2
Check: installed package size
Result: NOTE
     installed size is 5.9Mb
     sub-directories of 1Mb or more:
     libs 4.7Mb
Flavors: r-devel-linux-x86_64-fedora-clang, r-devel-windows-x86_64, r-release-macos-arm64, r-release-macos-x86_64, r-release-windows-x86_64, r-oldrel-macos-arm64, r-oldrel-macos-x86_64, r-oldrel-windows-ix86+x86_64

Version: 22.8.1.0.2
Check: whether package can be installed
Result: WARN
    Found the following significant warnings:
     /data/gannet/ripley/R/packages/tests-devel/ToxicR/src/nlopt-src/src/util/stop.c:196:56: warning: spurious trailing '%' in format [-Wformat=]
Flavor: r-devel-linux-x86_64-fedora-gcc