Last updated on 2024-04-24 17:52:20 CEST.
Flavor | Version | Tinstall | Tcheck | Ttotal | Status | Flags |
---|---|---|---|---|---|---|
r-devel-linux-x86_64-debian-clang | 1.0.0 | 13.21 | 88.67 | 101.88 | OK | |
r-devel-linux-x86_64-debian-gcc | 1.0.0 | 9.96 | 67.67 | 77.63 | OK | |
r-devel-linux-x86_64-fedora-clang | 1.0.0 | 124.76 | NOTE | |||
r-devel-linux-x86_64-fedora-gcc | 1.0.0 | 134.82 | NOTE | |||
r-devel-windows-x86_64 | 1.0.0 | 12.00 | 85.00 | 97.00 | OK | |
r-patched-linux-x86_64 | 1.0.0 | 12.73 | 86.60 | 99.33 | OK | |
r-release-linux-x86_64 | 1.0.0 | 11.90 | 86.25 | 98.15 | OK | |
r-release-macos-arm64 | 1.0.0 | 48.00 | OK | |||
r-release-windows-x86_64 | 1.0.0 | 12.00 | 80.00 | 92.00 | OK | |
r-oldrel-macos-arm64 | 1.0.0 | 39.00 | NOTE | |||
r-oldrel-macos-x86_64 | 1.0.0 | 74.00 | NOTE | |||
r-oldrel-windows-x86_64 | 1.0.0 | 15.00 | 106.00 | 121.00 | OK |
Version: 1.0.0
Check: dependencies in R code
Result: NOTE
Namespaces in Imports field not imported from:
‘MASS’ ‘Matrix’
All declared Imports should be used.
Flavors: r-devel-linux-x86_64-fedora-clang, r-devel-linux-x86_64-fedora-gcc, r-oldrel-macos-arm64
Version: 1.0.0
Check: installed package size
Result: NOTE
installed size is 5.1Mb
sub-directories of 1Mb or more:
data 5.0Mb
Flavor: r-oldrel-macos-x86_64