Last updated on 2022-07-03 05:50:04 CEST.
Flavor | Version | Tinstall | Tcheck | Ttotal | Status | Flags |
---|---|---|---|---|---|---|
r-devel-linux-x86_64-debian-clang | 1.1.2 | 50.47 | 394.56 | 445.03 | OK | |
r-devel-linux-x86_64-debian-gcc | 1.1.2 | 40.14 | 282.74 | 322.88 | OK | |
r-devel-linux-x86_64-fedora-clang | 1.1.2 | 526.76 | OK | |||
r-devel-linux-x86_64-fedora-gcc | 1.1.2 | 529.27 | OK | |||
r-devel-windows-x86_64 | 1.1.2 | 154.00 | 421.00 | 575.00 | OK | |
r-patched-linux-x86_64 | 1.1.2 | 55.92 | 365.45 | 421.37 | OK | |
r-release-linux-x86_64 | 1.1.2 | 33.42 | 373.00 | 406.42 | OK | |
r-release-macos-arm64 | 1.1.2 | 141.00 | NOTE | |||
r-release-macos-x86_64 | 1.1.2 | 193.00 | NOTE | |||
r-release-windows-x86_64 | 1.1.2 | 188.00 | 425.00 | 613.00 | OK | |
r-oldrel-macos-arm64 | 1.1.2 | 144.00 | NOTE | |||
r-oldrel-macos-x86_64 | 1.1.2 | 198.00 | NOTE | |||
r-oldrel-windows-ix86+x86_64 | 1.1.2 | 120.00 | 600.00 | 720.00 | NOTE |
Version: 1.1.2
Check: installed package size
Result: NOTE
installed size is 5.2Mb
sub-directories of 1Mb or more:
datasets 1.6Mb
libs 1.4Mb
Flavors: r-release-macos-arm64, r-release-macos-x86_64, r-oldrel-macos-arm64, r-oldrel-macos-x86_64, r-oldrel-windows-ix86+x86_64