CRAN Package Check Results for Package TriDimRegression

Last updated on 2022-10-07 17:52:18 CEST.

Flavor Version Tinstall Tcheck Ttotal Status Flags
r-devel-linux-x86_64-debian-clang 1.0.1 159.99 227.98 387.97 NOTE
r-devel-linux-x86_64-debian-gcc 1.0.1 134.20 177.00 311.20 NOTE
r-devel-linux-x86_64-fedora-clang 1.0.1 486.42 NOTE
r-devel-linux-x86_64-fedora-gcc 1.0.1 531.09 NOTE
r-devel-windows-x86_64 1.0.1 159.00 449.00 608.00 NOTE
r-patched-linux-x86_64 1.0.1 125.12 234.59 359.71 NOTE
r-release-linux-x86_64 1.0.1 101.56 222.37 323.93 NOTE
r-release-macos-arm64 1.0.1 142.00 NOTE
r-release-macos-x86_64 1.0.1 236.00 NOTE
r-release-windows-x86_64 1.0.1 252.00 431.00 683.00 NOTE
r-oldrel-macos-arm64 1.0.1 139.00 NOTE
r-oldrel-macos-x86_64 1.0.1 171.00 NOTE
r-oldrel-windows-ix86+x86_64 1.0.1 332.00 374.00 706.00 NOTE

Check Details

Version: 1.0.1
Check: for GNU extensions in Makefiles
Result: NOTE
    GNU make is a SystemRequirements.
Flavors: r-devel-linux-x86_64-debian-clang, r-devel-linux-x86_64-debian-gcc, r-devel-linux-x86_64-fedora-clang, r-devel-linux-x86_64-fedora-gcc, r-devel-windows-x86_64, r-patched-linux-x86_64, r-release-linux-x86_64, r-release-macos-arm64, r-release-macos-x86_64, r-release-windows-x86_64, r-oldrel-macos-arm64, r-oldrel-macos-x86_64, r-oldrel-windows-ix86+x86_64

Version: 1.0.1
Check: dependencies in R code
Result: NOTE
    Namespaces in Imports field not imported from:
     ‘RcppParallel’ ‘rstantools’
     All declared Imports should be used.
Flavors: r-devel-linux-x86_64-fedora-clang, r-devel-linux-x86_64-fedora-gcc, r-release-macos-arm64, r-release-macos-x86_64, r-oldrel-macos-arm64, r-oldrel-macos-x86_64

Version: 1.0.1
Check: installed package size
Result: NOTE
     installed size is 38.1Mb
     sub-directories of 1Mb or more:
     libs 37.5Mb
Flavors: r-release-macos-arm64, r-release-macos-x86_64, r-oldrel-macos-arm64, r-oldrel-macos-x86_64, r-oldrel-windows-ix86+x86_64