CRAN Package Check Results for Package TriadSim

Last updated on 2022-09-27 11:51:30 CEST.

Flavor Version Tinstall Tcheck Ttotal Status Flags
r-devel-linux-x86_64-debian-clang 0.3.0 3.23 56.44 59.67 NOTE
r-devel-linux-x86_64-debian-gcc 0.3.0 2.65 45.17 47.82 NOTE
r-devel-linux-x86_64-fedora-clang 0.3.0 87.14 NOTE
r-devel-linux-x86_64-fedora-gcc 0.3.0 87.09 NOTE
r-devel-windows-x86_64 0.3.0 24.00 179.00 203.00 NOTE
r-patched-linux-x86_64 0.3.0 3.65 55.71 59.36 OK
r-release-linux-x86_64 0.3.0 2.90 56.49 59.39 OK
r-release-macos-arm64 0.3.0 47.00 OK
r-release-macos-x86_64 0.3.0 70.00 OK
r-release-windows-x86_64 0.3.0 19.00 185.00 204.00 OK
r-oldrel-macos-arm64 0.3.0 64.00 OK
r-oldrel-macos-x86_64 0.3.0 66.00 OK
r-oldrel-windows-ix86+x86_64 0.3.0 8.00 188.00 196.00 OK

Check Details

Version: 0.3.0
Check: package subdirectories
Result: NOTE
    Problems with news in 'NEWS.md':
    No news entries found.
Flavors: r-devel-linux-x86_64-debian-clang, r-devel-linux-x86_64-debian-gcc, r-devel-linux-x86_64-fedora-clang, r-devel-linux-x86_64-fedora-gcc, r-devel-windows-x86_64