Last updated on 2023-05-28 01:54:11 CEST.
Flavor | Version | Tinstall | Tcheck | Ttotal | Status | Flags |
---|---|---|---|---|---|---|
r-devel-linux-x86_64-debian-clang | 2.2.2 | 45.55 | 198.27 | 243.82 | NOTE | |
r-devel-linux-x86_64-debian-gcc | 2.2.2 | 39.17 | 147.88 | 187.05 | NOTE | |
r-devel-linux-x86_64-fedora-clang | 2.2.2 | 321.46 | NOTE | |||
r-devel-linux-x86_64-fedora-gcc | 2.2.2 | 370.96 | NOTE | |||
r-devel-windows-x86_64 | 2.2.2 | 41.00 | 231.00 | 272.00 | NOTE | |
r-patched-linux-x86_64 | 2.2.2 | 41.80 | 192.64 | 234.44 | NOTE | |
r-release-linux-x86_64 | 2.2.2 | 37.67 | 195.87 | 233.54 | NOTE | |
r-release-macos-arm64 | 2.2.2 | 161.00 | NOTE | |||
r-release-macos-x86_64 | 2.2.2 | 256.00 | NOTE | |||
r-release-windows-x86_64 | 2.2.2 | 51.00 | 247.00 | 298.00 | NOTE | |
r-oldrel-macos-arm64 | 2.2.2 | 152.00 | OK | |||
r-oldrel-macos-x86_64 | 2.2.2 | 190.00 | OK | |||
r-oldrel-windows-x86_64 | 2.2.2 | 51.00 | 243.00 | 294.00 | OK |
Version: 2.2.2
Check: C++ specification
Result: NOTE
Specified C++11: please drop specification unless essential
Flavors: r-devel-linux-x86_64-debian-clang, r-devel-linux-x86_64-debian-gcc, r-devel-linux-x86_64-fedora-clang, r-devel-linux-x86_64-fedora-gcc, r-devel-windows-x86_64, r-patched-linux-x86_64, r-release-linux-x86_64, r-release-macos-arm64, r-release-macos-x86_64, r-release-windows-x86_64
Version: 2.2.2
Check: package subdirectories
Result: NOTE
Problems with news in ‘NEWS.md’:
Cannot extract version info from the following section titles:
Changes
Flavors: r-devel-linux-x86_64-debian-clang, r-devel-linux-x86_64-debian-gcc, r-devel-linux-x86_64-fedora-clang, r-devel-linux-x86_64-fedora-gcc, r-devel-windows-x86_64, r-patched-linux-x86_64, r-release-linux-x86_64, r-release-macos-arm64, r-release-macos-x86_64, r-release-windows-x86_64