CRAN Package Check Results for Package USA.state.boundaries

Last updated on 2024-03-04 00:55:58 CET.

Flavor Version Tinstall Tcheck Ttotal Status Flags
r-devel-linux-x86_64-debian-clang 1.0.1 9.64 22.59 32.23 NOTE
r-devel-linux-x86_64-debian-gcc 1.0.1 8.56 18.10 26.66 NOTE
r-devel-linux-x86_64-fedora-clang 1.0.1 43.06 NOTE
r-devel-linux-x86_64-fedora-gcc 1.0.1 42.08 NOTE
r-devel-windows-x86_64 1.0.1 9.00 42.00 51.00 NOTE
r-patched-linux-x86_64 1.0.1 8.46 22.79 31.25 NOTE
r-release-linux-x86_64 1.0.1 8.32 23.11 31.43 NOTE
r-release-macos-arm64 1.0.1 23.00 NOTE
r-release-macos-x86_64 1.0.1 30.00 NOTE
r-release-windows-x86_64 1.0.1 11.00 42.00 53.00 NOTE
r-oldrel-macos-arm64 1.0.1 23.00 NOTE
r-oldrel-windows-x86_64 1.0.1 12.00 56.00 68.00 NOTE

Check Details

Version: 1.0.1
Check: package dependencies
Result: NOTE Package suggested but not available for checking: ‘USA.state.boundaries.data’ Flavors: r-devel-linux-x86_64-debian-clang, r-devel-linux-x86_64-debian-gcc, r-devel-linux-x86_64-fedora-clang, r-devel-linux-x86_64-fedora-gcc, r-devel-windows-x86_64, r-patched-linux-x86_64, r-release-linux-x86_64, r-release-macos-arm64, r-release-macos-x86_64, r-release-windows-x86_64, r-oldrel-macos-arm64, r-oldrel-windows-x86_64

Version: 1.0.1
Check: installed package size
Result: NOTE installed size is 6.2Mb sub-directories of 1Mb or more: data 6.1Mb Flavors: r-devel-linux-x86_64-fedora-clang, r-devel-windows-x86_64, r-release-macos-arm64, r-release-macos-x86_64, r-release-windows-x86_64, r-oldrel-macos-arm64, r-oldrel-windows-x86_64