CRAN Package Check Results for Package UScancer

Last updated on 2021-05-15 23:49:33 CEST.

Flavor Version Tinstall Tcheck Ttotal Status Flags
r-devel-linux-x86_64-debian-clang 0.1-2 3.57 37.89 41.46 NOTE
r-devel-linux-x86_64-debian-gcc 0.1-2 2.75 30.28 33.03 NOTE
r-devel-linux-x86_64-fedora-clang 0.1-2 62.70 NOTE
r-devel-linux-x86_64-fedora-gcc 0.1-2 50.82 NOTE
r-devel-windows-ix86+x86_64 0.1-2 9.00 42.00 51.00 NOTE
r-devel-windows-x86_64-gcc10-UCRT 0.1-2 NOTE
r-patched-linux-x86_64 0.1-2 3.18 37.60 40.78 NOTE
r-patched-solaris-x86 0.1-2 83.10 NOTE
r-release-linux-x86_64 0.1-2 3.39 36.32 39.71 NOTE
r-release-macos-x86_64 0.1-2 NOTE
r-release-windows-ix86+x86_64 0.1-2 8.00 57.00 65.00 NOTE
r-oldrel-macos-x86_64 0.1-2 NOTE
r-oldrel-windows-ix86+x86_64 0.1-2 6.00 54.00 60.00 NOTE

Check Details

Version: 0.1-2
Check: R code for possible problems
Result: NOTE
    readSEER: no visible global function definition for 'read.fwf'
    Undefined global functions or variables:
     read.fwf
    Consider adding
     importFrom("utils", "read.fwf")
    to your NAMESPACE file.
Flavors: r-devel-linux-x86_64-debian-clang, r-devel-linux-x86_64-debian-gcc, r-devel-linux-x86_64-fedora-clang, r-devel-linux-x86_64-fedora-gcc, r-devel-windows-ix86+x86_64, r-devel-windows-x86_64-gcc10-UCRT, r-patched-linux-x86_64, r-patched-solaris-x86, r-release-linux-x86_64, r-release-macos-x86_64, r-release-windows-ix86+x86_64, r-oldrel-macos-x86_64, r-oldrel-windows-ix86+x86_64

Version: 0.1-2
Check: Rd cross-references
Result: NOTE
    Undeclared package ‘sp’ in Rd xrefs
Flavor: r-devel-linux-x86_64-fedora-clang