Last updated on 2024-04-23 05:58:31 CEST.
Flavor | Version | Tinstall | Tcheck | Ttotal | Status | Flags |
---|---|---|---|---|---|---|
r-devel-linux-x86_64-debian-clang | 1.0.1 | 5.98 | 53.66 | 59.64 | NOTE | |
r-devel-linux-x86_64-debian-gcc | 1.0.1 | 5.47 | 40.43 | 45.90 | NOTE | |
r-devel-linux-x86_64-fedora-clang | 1.0.1 | 77.98 | NOTE | |||
r-devel-linux-x86_64-fedora-gcc | 1.0.1 | 75.56 | NOTE | |||
r-prerel-macos-arm64 | 1.0.1 | 22.00 | NOTE | |||
r-prerel-windows-x86_64 | 1.0.1 | 7.00 | 60.00 | 67.00 | NOTE | |
r-patched-linux-x86_64 | 1.0.1 | 4.99 | 51.25 | 56.24 | NOTE | |
r-release-linux-x86_64 | 1.0.1 | 5.38 | 52.39 | 57.77 | NOTE | |
r-release-macos-arm64 | 1.0.1 | 26.00 | NOTE | |||
r-release-macos-x86_64 | 1.0.1 | 37.00 | NOTE | |||
r-release-windows-x86_64 | 1.0.1 | 8.00 | 67.00 | 75.00 | NOTE | |
r-oldrel-macos-arm64 | 1.0.1 | 23.00 | NOTE | |||
r-oldrel-windows-x86_64 | 1.0.1 | 8.00 | 70.00 | 78.00 | NOTE |
Version: 1.0.1
Check: LazyData
Result: NOTE
'LazyData' is specified without a 'data' directory
Flavors: r-devel-linux-x86_64-debian-clang, r-devel-linux-x86_64-debian-gcc, r-devel-linux-x86_64-fedora-clang, r-devel-linux-x86_64-fedora-gcc, r-prerel-macos-arm64, r-prerel-windows-x86_64, r-patched-linux-x86_64, r-release-linux-x86_64, r-release-macos-arm64, r-release-macos-x86_64, r-release-windows-x86_64, r-oldrel-macos-arm64, r-oldrel-windows-x86_64
Version: 1.0.1
Check: dependencies in R code
Result: NOTE
Namespace in Imports field not imported from: ‘dplyr’
All declared Imports should be used.
Flavors: r-devel-linux-x86_64-fedora-clang, r-devel-linux-x86_64-fedora-gcc, r-oldrel-macos-arm64