CRAN Package Check Results for Package VARSEDIG

Last updated on 2020-10-01 23:48:51 CEST.

Flavor Version Tinstall Tcheck Ttotal Status Flags
r-devel-linux-x86_64-debian-clang 1.9 5.61 43.85 49.46 NOTE
r-devel-linux-x86_64-debian-gcc 1.9 3.70 32.67 36.37 NOTE
r-devel-linux-x86_64-fedora-clang 1.9 71.37 NOTE
r-devel-linux-x86_64-fedora-gcc 1.9 59.40 NOTE
r-devel-windows-ix86+x86_64 1.9 9.00 59.00 68.00 OK
r-patched-linux-x86_64 1.9 4.68 41.54 46.22 NOTE
r-patched-solaris-x86 1.9 78.80 NOTE
r-release-linux-x86_64 1.9 4.91 41.14 46.05 NOTE
r-release-macos-x86_64 1.9 OK
r-release-windows-ix86+x86_64 1.9 18.00 60.00 78.00 OK
r-oldrel-macos-x86_64 1.9 OK
r-oldrel-windows-ix86+x86_64 1.9 8.00 64.00 72.00 OK

Check Details

Version: 1.9
Check: for non-standard things in the check directory
Result: NOTE
    Found the following files/directories:
     'Output.txt' 'Overlap.csv' 'Polar coordinates.csv'
Flavors: r-devel-linux-x86_64-debian-clang, r-devel-linux-x86_64-debian-gcc, r-devel-linux-x86_64-fedora-clang, r-devel-linux-x86_64-fedora-gcc, r-patched-linux-x86_64, r-patched-solaris-x86, r-release-linux-x86_64

Version: 1.9
Check: Rd cross-references
Result: NOTE
    Undeclared package ‘candisc’ in Rd xrefs
Flavor: r-devel-linux-x86_64-fedora-clang