CRAN Package Check Results for Package VARSEDIG

Last updated on 2021-05-08 23:48:13 CEST.

Flavor Version Tinstall Tcheck Ttotal Status Flags
r-devel-linux-x86_64-debian-clang 1.9 4.86 44.98 49.84 NOTE
r-devel-linux-x86_64-debian-gcc 1.9 4.16 34.52 38.68 NOTE
r-devel-linux-x86_64-fedora-clang 1.9 69.11 NOTE
r-devel-linux-x86_64-fedora-gcc 1.9 60.01 NOTE
r-devel-windows-ix86+x86_64 1.9 8.00 59.00 67.00 OK
r-devel-windows-x86_64-gcc10-UCRT 1.9 OK
r-patched-linux-x86_64 1.9 4.34 43.49 47.83 NOTE
r-patched-solaris-x86 1.9 83.30 NOTE
r-release-linux-x86_64 1.9 4.90 42.51 47.41 NOTE
r-release-macos-x86_64 1.9 OK
r-release-windows-ix86+x86_64 1.9 7.00 45.00 52.00 OK
r-oldrel-macos-x86_64 1.9 OK
r-oldrel-windows-ix86+x86_64 1.9 8.00 17.00 25.00 ERROR

Check Details

Version: 1.9
Check: for non-standard things in the check directory
Result: NOTE
    Found the following files/directories:
     'Output.txt' 'Overlap.csv' 'Polar coordinates.csv'
Flavors: r-devel-linux-x86_64-debian-clang, r-devel-linux-x86_64-debian-gcc, r-devel-linux-x86_64-fedora-clang, r-devel-linux-x86_64-fedora-gcc, r-patched-linux-x86_64, r-patched-solaris-x86, r-release-linux-x86_64

Version: 1.9
Check: Rd cross-references
Result: NOTE
    Undeclared package ‘candisc’ in Rd xrefs
Flavor: r-devel-linux-x86_64-fedora-clang

Version: 1.9
Check: whether package can be installed
Result: ERROR
    Installation failed.
Flavor: r-oldrel-windows-ix86+x86_64